Last updated on 2023-03-23 23:51:48 CET.
Flavor | Version | Tinstall | Tcheck | Ttotal | Status | Flags |
---|---|---|---|---|---|---|
r-devel-linux-x86_64-debian-clang | 6.0.6 | 102.41 | 123.78 | 226.19 | NOTE | |
r-devel-linux-x86_64-debian-gcc | 6.0.6 | 85.28 | 89.62 | 174.90 | NOTE | |
r-devel-linux-x86_64-fedora-clang | 6.0.6 | 286.38 | NOTE | |||
r-devel-linux-x86_64-fedora-gcc | 6.0.6 | 282.84 | NOTE | |||
r-devel-windows-x86_64 | 6.0.6 | 120.00 | 206.00 | 326.00 | NOTE | --no-vignettes |
r-patched-linux-x86_64 | 6.0.6 | 71.69 | 114.27 | 185.96 | OK | |
r-release-linux-x86_64 | 6.0.6 | 67.11 | 116.22 | 183.33 | OK | |
r-release-macos-arm64 | 6.0.6 | 72.00 | NOTE | |||
r-release-macos-x86_64 | 6.0.6 | 101.00 | NOTE | |||
r-release-windows-x86_64 | 6.0.6 | 115.00 | 204.00 | 319.00 | NOTE | --no-vignettes |
r-oldrel-macos-arm64 | 6.0.6 | 72.00 | NOTE | |||
r-oldrel-macos-x86_64 | 6.0.6 | 99.00 | NOTE | |||
r-oldrel-windows-ix86+x86_64 | 6.0.6 | 200.00 | 230.00 | 430.00 | NOTE | --no-vignettes |
Version: 6.0.6
Check: package subdirectories
Result: NOTE
Problems with news in ‘NEWS.md’:
Cannot extract version info from the following section titles:
Changes to previous versions
Minor changes
Fixes
Previous Versions
Flavors: r-devel-linux-x86_64-debian-clang, r-devel-linux-x86_64-debian-gcc, r-devel-linux-x86_64-fedora-clang, r-devel-linux-x86_64-fedora-gcc
Version: 6.0.6
Flags: --no-vignettes
Check: installed package size
Result: NOTE
installed size is 14.2Mb
sub-directories of 1Mb or more:
libs 13.6Mb
Flavors: r-devel-windows-x86_64, r-release-windows-x86_64, r-oldrel-windows-ix86+x86_64
Version: 6.0.6
Flags: --no-vignettes
Check: package subdirectories
Result: NOTE
Problems with news in 'NEWS.md':
Cannot extract version info from the following section titles:
Changes to previous versions
Minor changes
Fixes
Previous Versions
Flavor: r-devel-windows-x86_64
Version: 6.0.6
Check: installed package size
Result: NOTE
installed size is 34.2Mb
sub-directories of 1Mb or more:
libs 33.5Mb
Flavors: r-release-macos-arm64, r-release-macos-x86_64, r-oldrel-macos-arm64, r-oldrel-macos-x86_64