Last updated on 2023-03-28 09:53:43 CEST.
Flavor | Version | Tinstall | Tcheck | Ttotal | Status | Flags |
---|---|---|---|---|---|---|
r-devel-linux-x86_64-debian-clang | 2.0.2 | 48.86 | 145.11 | 193.97 | NOTE | |
r-devel-linux-x86_64-debian-gcc | 2.0.2 | 35.26 | 110.04 | 145.30 | NOTE | |
r-devel-linux-x86_64-fedora-clang | 2.0.2 | 251.42 | NOTE | |||
r-devel-linux-x86_64-fedora-gcc | 2.0.2 | 233.09 | NOTE | |||
r-patched-linux-x86_64 | 2.0.2 | 34.99 | 135.92 | 170.91 | NOTE | |
r-release-linux-x86_64 | 2.0.2 | 37.47 | 137.62 | 175.09 | OK | |
r-release-macos-arm64 | 2.0.2 | 105.00 | OK | |||
r-release-macos-x86_64 | 2.0.2 | 164.00 | OK | |||
r-release-windows-x86_64 | 2.0.2 | 68.00 | 262.00 | 330.00 | OK | |
r-oldrel-macos-arm64 | 2.0.2 | 109.00 | OK | |||
r-oldrel-macos-x86_64 | 2.0.2 | 112.00 | OK | |||
r-oldrel-windows-ix86+x86_64 | 2.0.2 | 113.00 | 499.00 | 612.00 | OK |
Version: 2.0.2
Check: C++ specification
Result: NOTE
Specified C++11: please drop specification unless essential
Flavors: r-devel-linux-x86_64-debian-clang, r-devel-linux-x86_64-debian-gcc, r-devel-linux-x86_64-fedora-clang, r-devel-linux-x86_64-fedora-gcc, r-patched-linux-x86_64