CRAN Package Check Results for Package DNAtools

Last updated on 2021-12-05 11:49:30 CET.

Flavor Version Tinstall Tcheck Ttotal Status Flags
r-devel-linux-x86_64-debian-clang 0.2-3 67.91 80.37 148.28 NOTE
r-devel-linux-x86_64-debian-gcc 0.2-3 48.01 62.28 110.29 NOTE
r-devel-linux-x86_64-fedora-clang 0.2-3 216.81 NOTE
r-devel-linux-x86_64-fedora-gcc 0.2-3 197.30 NOTE
r-devel-windows-x86_64-new-UL 0.2-3 97.00 160.00 257.00 NOTE
r-devel-windows-x86_64-new-TK 0.2-3 NOTE
r-devel-windows-x86_64-old 0.2-3 91.00 88.00 179.00 NOTE
r-patched-linux-x86_64 0.2-3 59.97 72.63 132.60 NOTE
r-release-linux-x86_64 0.2-3 59.90 81.41 141.31 NOTE
r-release-macos-arm64 0.2-3 NOTE
r-release-macos-x86_64 0.2-3 NOTE
r-release-windows-ix86+x86_64 0.2-3 171.00 138.00 309.00 NOTE
r-oldrel-macos-x86_64 0.2-3 NOTE
r-oldrel-windows-ix86+x86_64 0.2-3 169.00 136.00 305.00 NOTE

Check Details

Version: 0.2-3
Check: for GNU extensions in Makefiles
Result: NOTE
    GNU make is a SystemRequirements.
Flavors: r-devel-linux-x86_64-debian-clang, r-devel-linux-x86_64-debian-gcc, r-devel-linux-x86_64-fedora-clang, r-devel-linux-x86_64-fedora-gcc, r-devel-windows-x86_64-new-UL, r-devel-windows-x86_64-new-TK, r-devel-windows-x86_64-old, r-patched-linux-x86_64, r-release-linux-x86_64, r-release-macos-arm64, r-release-macos-x86_64, r-release-windows-ix86+x86_64, r-oldrel-macos-x86_64, r-oldrel-windows-ix86+x86_64