Last updated on 2023-03-30 20:49:08 CEST.
Flavor | Version | Tinstall | Tcheck | Ttotal | Status | Flags |
---|---|---|---|---|---|---|
r-devel-linux-x86_64-debian-clang | 0.2-4 | 74.78 | 79.73 | 154.51 | NOTE | |
r-devel-linux-x86_64-debian-gcc | 0.2-4 | 55.76 | 61.19 | 116.95 | NOTE | |
r-devel-linux-x86_64-fedora-clang | 0.2-4 | 225.97 | NOTE | |||
r-devel-linux-x86_64-fedora-gcc | 0.2-4 | 214.09 | NOTE | |||
r-devel-windows-x86_64 | 0.2-4 | 99.00 | 140.00 | 239.00 | NOTE | |
r-patched-linux-x86_64 | 0.2-4 | 57.57 | 75.66 | 133.23 | NOTE | |
r-release-linux-x86_64 | 0.2-4 | 59.52 | 80.95 | 140.47 | NOTE | |
r-release-macos-arm64 | 0.2-4 | 57.00 | NOTE | |||
r-release-macos-x86_64 | 0.2-4 | 74.00 | NOTE | |||
r-release-windows-x86_64 | 0.2-4 | 93.00 | 151.00 | 244.00 | NOTE | |
r-oldrel-macos-arm64 | 0.2-4 | 57.00 | NOTE | |||
r-oldrel-macos-x86_64 | 0.2-4 | 74.00 | NOTE | |||
r-oldrel-windows-ix86+x86_64 | 0.2-4 | 175.00 | 171.00 | 346.00 | WARN |
Version: 0.2-4
Check: C++ specification
Result: NOTE
Specified C++11: please drop specification unless essential
Flavors: r-devel-linux-x86_64-debian-clang, r-devel-linux-x86_64-debian-gcc, r-devel-linux-x86_64-fedora-clang, r-devel-linux-x86_64-fedora-gcc, r-devel-windows-x86_64, r-patched-linux-x86_64
Version: 0.2-4
Check: for GNU extensions in Makefiles
Result: NOTE
GNU make is a SystemRequirements.
Flavors: r-devel-linux-x86_64-debian-clang, r-devel-linux-x86_64-debian-gcc, r-devel-linux-x86_64-fedora-clang, r-devel-linux-x86_64-fedora-gcc, r-devel-windows-x86_64, r-patched-linux-x86_64, r-release-linux-x86_64, r-release-macos-arm64, r-release-macos-x86_64, r-release-windows-x86_64, r-oldrel-macos-arm64, r-oldrel-macos-x86_64, r-oldrel-windows-ix86+x86_64
Version: 0.2-4
Check: for unstated dependencies in ‘tests’
Result: WARN
Warning: unable to access index for repository https://bioconductor.org/packages/3.14/bioc/src/contrib:
cannot open URL 'https://bioconductor.org/packages/3.14/bioc/src/contrib/PACKAGES'
Warning: unable to access index for repository https://bioconductor.org/packages/3.14/data/annotation/src/contrib:
cannot open URL 'https://bioconductor.org/packages/3.14/data/annotation/src/contrib/PACKAGES'
Warning: unable to access index for repository https://bioconductor.org/packages/3.14/data/experiment/src/contrib:
cannot open URL 'https://bioconductor.org/packages/3.14/data/experiment/src/contrib/PACKAGES'
Flavor: r-oldrel-windows-ix86+x86_64