Last updated on 2025-01-18 15:48:20 CET.
Flavor | Version | Tinstall | Tcheck | Ttotal | Status | Flags |
---|---|---|---|---|---|---|
r-devel-linux-x86_64-debian-clang | 0.2-4 | 40.24 | 68.50 | 108.74 | NOTE | |
r-devel-linux-x86_64-debian-gcc | 0.2-4 | 30.57 | 49.94 | 80.51 | NOTE | |
r-devel-linux-x86_64-fedora-clang | 0.2-4 | 199.50 | NOTE | |||
r-devel-linux-x86_64-fedora-gcc | 0.2-4 | 208.18 | NOTE | |||
r-devel-windows-x86_64 | 0.2-4 | 49.00 | 108.00 | 157.00 | NOTE | |
r-patched-linux-x86_64 | 0.2-4 | 39.54 | 64.36 | 103.90 | NOTE | |
r-release-linux-x86_64 | 0.2-4 | 39.96 | 64.42 | 104.38 | NOTE | |
r-release-macos-arm64 | 0.2-4 | 61.00 | NOTE | |||
r-release-macos-x86_64 | 0.2-4 | 101.00 | NOTE | |||
r-release-windows-x86_64 | 0.2-4 | 49.00 | 106.00 | 155.00 | NOTE | |
r-oldrel-macos-arm64 | 0.2-4 | 65.00 | NOTE | |||
r-oldrel-macos-x86_64 | 0.2-4 | 91.00 | NOTE | |||
r-oldrel-windows-x86_64 | 0.2-4 | 52.00 | 125.00 | 177.00 | NOTE |
Version: 0.2-4
Check: C++ specification
Result: NOTE
Specified C++11: please drop specification unless essential
Flavors: r-devel-linux-x86_64-debian-clang, r-devel-linux-x86_64-debian-gcc, r-devel-linux-x86_64-fedora-clang, r-devel-linux-x86_64-fedora-gcc, r-devel-windows-x86_64, r-patched-linux-x86_64, r-release-linux-x86_64, r-release-macos-arm64, r-release-macos-x86_64, r-release-windows-x86_64, r-oldrel-macos-arm64, r-oldrel-macos-x86_64, r-oldrel-windows-x86_64
Version: 0.2-4
Check: for GNU extensions in Makefiles
Result: NOTE
GNU make is a SystemRequirements.
Flavors: r-patched-linux-x86_64, r-release-linux-x86_64, r-release-macos-arm64, r-release-macos-x86_64, r-release-windows-x86_64, r-oldrel-macos-arm64, r-oldrel-windows-x86_64