Last updated on 2023-12-07 15:48:15 CET.
Flavor | Version | Tinstall | Tcheck | Ttotal | Status | Flags |
---|---|---|---|---|---|---|
r-devel-linux-x86_64-debian-clang | 0.5.2 | 3.29 | 38.73 | 42.02 | OK | |
r-devel-linux-x86_64-debian-gcc | 0.5.2 | 2.57 | 29.84 | 32.41 | OK | |
r-devel-linux-x86_64-fedora-clang | 0.5.2 | 52.01 | OK | |||
r-devel-linux-x86_64-fedora-gcc | 0.5.2 | 50.27 | OK | |||
r-devel-windows-x86_64 | 0.5.2 | 4.00 | 57.00 | 61.00 | OK | |
r-patched-linux-x86_64 | 0.5.2 | 3.92 | 36.26 | 40.18 | OK | |
r-release-linux-x86_64 | 0.5.2 | 3.62 | 36.35 | 39.97 | OK | |
r-release-macos-arm64 | 0.5.2 | 26.00 | OK | |||
r-release-macos-x86_64 | 0.5.2 | 27.00 | OK | |||
r-release-windows-x86_64 | 0.5.2 | 5.00 | 56.00 | 61.00 | OK | |
r-oldrel-macos-arm64 | 0.5.2 | 26.00 | OK | |||
r-oldrel-macos-x86_64 | 0.5.2 | 29.00 | NOTE | |||
r-oldrel-windows-x86_64 | 0.5.2 | 5.00 | 59.00 | 64.00 | OK |
Version: 0.5.2
Check: package dependencies
Result: NOTE
Package suggested but not available for checking: ‘DiPs’
Flavor: r-oldrel-macos-x86_64