Last updated on 2023-03-28 16:51:42 CEST.
Flavor | Version | Tinstall | Tcheck | Ttotal | Status | Flags |
---|---|---|---|---|---|---|
r-devel-linux-x86_64-debian-clang | 0.1.2 | 56.92 | 56.20 | 113.12 | OK | |
r-devel-linux-x86_64-debian-gcc | 0.1.2 | 45.72 | 43.27 | 88.99 | OK | |
r-devel-linux-x86_64-fedora-clang | 0.1.2 | 155.20 | OK | |||
r-devel-linux-x86_64-fedora-gcc | 0.1.2 | 159.79 | OK | |||
r-patched-linux-x86_64 | 0.1.2 | 48.74 | 54.10 | 102.84 | OK | |
r-release-linux-x86_64 | 0.1.2 | 46.14 | 57.36 | 103.50 | OK | |
r-release-macos-arm64 | 0.1.2 | 40.00 | NOTE | |||
r-release-macos-x86_64 | 0.1.2 | 54.00 | NOTE | |||
r-release-windows-x86_64 | 0.1.2 | 54.00 | 111.00 | 165.00 | OK | |
r-oldrel-macos-arm64 | 0.1.2 | 46.00 | NOTE | |||
r-oldrel-macos-x86_64 | 0.1.2 | 83.00 | NOTE | |||
r-oldrel-windows-ix86+x86_64 | 0.1.2 | 124.00 | 118.00 | 242.00 | OK |
Version: 0.1.2
Check: installed package size
Result: NOTE
installed size is 6.1Mb
sub-directories of 1Mb or more:
libs 5.5Mb
Flavors: r-release-macos-arm64, r-release-macos-x86_64, r-oldrel-macos-arm64, r-oldrel-macos-x86_64