Last updated on 2022-05-22 09:52:15 CEST.
Flavor | Version | Tinstall | Tcheck | Ttotal | Status | Flags |
---|---|---|---|---|---|---|
r-devel-linux-x86_64-debian-clang | 0.3-1 | 5.48 | 194.21 | 199.69 | OK | |
r-devel-linux-x86_64-debian-gcc | 0.3-1 | 4.03 | 142.61 | 146.64 | OK | |
r-devel-linux-x86_64-fedora-clang | 0.3-1 | 223.63 | NOTE | |||
r-devel-linux-x86_64-fedora-gcc | 0.3-1 | 222.71 | NOTE | |||
r-devel-windows-x86_64 | 0.3-1 | 15.00 | 194.00 | 209.00 | OK | |
r-patched-linux-x86_64 | 0.3-1 | 6.83 | 179.07 | 185.90 | OK | |
r-release-linux-x86_64 | 0.3-1 | 5.08 | 179.44 | 184.52 | OK | |
r-release-macos-arm64 | 0.3-1 | 53.00 | NOTE | |||
r-release-macos-x86_64 | 0.3-1 | 77.00 | NOTE | |||
r-release-windows-x86_64 | 0.3-1 | 15.00 | 202.00 | 217.00 | OK | |
r-oldrel-macos-arm64 | 0.3-1 | 57.00 | NOTE | |||
r-oldrel-macos-x86_64 | 0.3-1 | 112.00 | NOTE | |||
r-oldrel-windows-ix86+x86_64 | 0.3-1 | 12.00 | 212.00 | 224.00 | OK |
Version: 0.3-1
Check: dependencies in R code
Result: NOTE
Namespace in Imports field not imported from: ‘graphics’
All declared Imports should be used.
Flavors: r-devel-linux-x86_64-fedora-clang, r-devel-linux-x86_64-fedora-gcc, r-release-macos-arm64, r-release-macos-x86_64, r-oldrel-macos-arm64, r-oldrel-macos-x86_64