Last updated on 2023-03-31 20:50:10 CEST.
Flavor | Version | Tinstall | Tcheck | Ttotal | Status | Flags |
---|---|---|---|---|---|---|
r-devel-linux-x86_64-debian-clang | 3.1 | 156.74 | 290.25 | 446.99 | OK | |
r-devel-linux-x86_64-debian-gcc | 3.1 | 125.85 | 217.68 | 343.53 | OK | |
r-devel-linux-x86_64-fedora-clang | 3.1 | 591.08 | OK | |||
r-devel-linux-x86_64-fedora-gcc | 3.1 | 615.41 | OK | |||
r-devel-windows-x86_64 | 3.1 | 257.00 | 332.00 | 589.00 | OK | |
r-patched-linux-x86_64 | 3.1 | 125.60 | 271.86 | 397.46 | OK | |
r-release-linux-x86_64 | 3.1 | 128.05 | 280.12 | 408.17 | OK | |
r-release-macos-arm64 | 3.1 | 109.00 | NOTE | |||
r-release-macos-x86_64 | 3.1 | 185.00 | NOTE | |||
r-release-windows-x86_64 | 3.1 | 125.00 | 340.00 | 465.00 | OK | |
r-oldrel-macos-arm64 | 3.1 | 121.00 | NOTE | |||
r-oldrel-macos-x86_64 | 3.1 | 181.00 | NOTE | |||
r-oldrel-windows-ix86+x86_64 | 3.1 | 379.00 | 403.00 | 782.00 | OK |
Version: 3.1
Check: installed package size
Result: NOTE
installed size is 10.2Mb
sub-directories of 1Mb or more:
data 1.6Mb
libs 8.3Mb
Flavors: r-release-macos-arm64, r-release-macos-x86_64, r-oldrel-macos-arm64, r-oldrel-macos-x86_64