CRAN Package Check Results for Package DRaWR

Last updated on 2022-01-26 23:50:16 CET.

Flavor Version Tinstall Tcheck Ttotal Status Flags
r-devel-linux-x86_64-debian-clang 1.0.1 6.08 73.64 79.72 NOTE
r-devel-linux-x86_64-debian-gcc 1.0.1 6.72 57.51 64.23 NOTE
r-devel-linux-x86_64-fedora-clang 1.0.1 94.83 NOTE
r-devel-linux-x86_64-fedora-gcc 1.0.1 87.62 NOTE
r-devel-windows-x86_64-new-UL 1.0.1 72.00 89.00 161.00 NOTE
r-devel-windows-x86_64-new-TK 1.0.1 NOTE
r-patched-linux-x86_64 1.0.1 7.55 67.99 75.54 NOTE
r-release-linux-x86_64 1.0.1 7.76 68.82 76.58 NOTE
r-release-macos-arm64 1.0.1 NOTE
r-release-macos-x86_64 1.0.1 NOTE
r-release-windows-ix86+x86_64 1.0.1 16.00 82.00 98.00 NOTE
r-oldrel-macos-x86_64 1.0.1 NOTE
r-oldrel-windows-ix86+x86_64 1.0.1 16.00 84.00 100.00 NOTE

Check Details

Version: 1.0.1
Check: R code for possible problems
Result: NOTE
    DRaWR: no visible global function definition for 'write.table'
    DRaWR: no visible global function definition for 'read.table'
    DRaWR: no visible global function definition for 'aggregate'
    DRaWR: no visible global function definition for 'slot'
    Undefined global functions or variables:
     aggregate read.table slot write.table
    Consider adding
     importFrom("methods", "slot")
     importFrom("stats", "aggregate")
     importFrom("utils", "read.table", "write.table")
    to your NAMESPACE file (and ensure that your DESCRIPTION Imports field
    contains 'methods').
Flavors: r-devel-linux-x86_64-debian-clang, r-devel-linux-x86_64-debian-gcc, r-devel-linux-x86_64-fedora-clang, r-devel-linux-x86_64-fedora-gcc, r-devel-windows-x86_64-new-UL, r-devel-windows-x86_64-new-TK, r-patched-linux-x86_64, r-release-linux-x86_64, r-release-macos-arm64, r-release-macos-x86_64, r-release-windows-ix86+x86_64, r-oldrel-macos-x86_64, r-oldrel-windows-ix86+x86_64

Version: 1.0.1
Check: for non-standard things in the check directory
Result: NOTE
    Found the following files/directories:
     'output_sample.uni.sample.undir.weight.type.50.1e-04.0.7.base'
     'output_sample.uni.sample.undir.weight.type.50.1e-04.1.1.0.7.sample.setlist.stats'
Flavors: r-devel-linux-x86_64-debian-clang, r-devel-linux-x86_64-debian-gcc, r-devel-linux-x86_64-fedora-clang, r-devel-linux-x86_64-fedora-gcc, r-patched-linux-x86_64, r-release-linux-x86_64