Last updated on 2025-01-18 15:48:20 CET.
Flavor | Version | Tinstall | Tcheck | Ttotal | Status | Flags |
---|---|---|---|---|---|---|
r-devel-linux-x86_64-debian-clang | 0.1.1 | 45.39 | 123.28 | 168.67 | NOTE | |
r-devel-linux-x86_64-debian-gcc | 0.1.1 | 30.83 | 114.14 | 144.97 | NOTE | |
r-devel-linux-x86_64-fedora-clang | 0.1.1 | 294.54 | NOTE | |||
r-devel-linux-x86_64-fedora-gcc | 0.1.1 | 375.90 | NOTE | |||
r-devel-windows-x86_64 | 0.1.1 | 52.00 | 179.00 | 231.00 | NOTE | |
r-patched-linux-x86_64 | 0.1.1 | 44.83 | 173.67 | 218.50 | NOTE | |
r-release-linux-x86_64 | 0.1.1 | 43.77 | 174.72 | 218.49 | NOTE | |
r-release-macos-arm64 | 0.1.1 | 122.00 | NOTE | |||
r-release-macos-x86_64 | 0.1.1 | 173.00 | NOTE | |||
r-release-windows-x86_64 | 0.1.1 | 50.00 | 186.00 | 236.00 | NOTE | |
r-oldrel-macos-arm64 | 0.1.1 | 135.00 | NOTE | |||
r-oldrel-macos-x86_64 | 0.1.1 | 206.00 | NOTE | |||
r-oldrel-windows-x86_64 | 0.1.1 | 57.00 | 240.00 | 297.00 | NOTE |
Version: 0.1.1
Check: C++ specification
Result: NOTE
Specified C++11: please drop specification unless essential
Flavors: r-devel-linux-x86_64-debian-clang, r-devel-linux-x86_64-debian-gcc, r-devel-linux-x86_64-fedora-clang, r-devel-linux-x86_64-fedora-gcc, r-devel-windows-x86_64, r-patched-linux-x86_64, r-release-linux-x86_64, r-release-macos-arm64, r-release-macos-x86_64, r-release-windows-x86_64, r-oldrel-macos-arm64, r-oldrel-macos-x86_64, r-oldrel-windows-x86_64