Last updated on 2023-03-30 20:49:08 CEST.
Flavor | Version | Tinstall | Tcheck | Ttotal | Status | Flags |
---|---|---|---|---|---|---|
r-devel-linux-x86_64-debian-clang | 0.1.1 | 78.54 | 219.89 | 298.43 | NOTE | |
r-devel-linux-x86_64-debian-gcc | 0.1.1 | 57.69 | 173.94 | 231.63 | NOTE | |
r-devel-linux-x86_64-fedora-clang | 0.1.1 | 401.92 | NOTE | |||
r-devel-linux-x86_64-fedora-gcc | 0.1.1 | 385.04 | NOTE | |||
r-devel-windows-x86_64 | 0.1.1 | 201.00 | 269.00 | 470.00 | NOTE | |
r-patched-linux-x86_64 | 0.1.1 | 56.48 | 215.41 | 271.89 | NOTE | |
r-release-linux-x86_64 | 0.1.1 | 46.67 | 216.84 | 263.51 | OK | |
r-release-macos-arm64 | 0.1.1 | 160.00 | OK | |||
r-release-macos-x86_64 | 0.1.1 | 559.00 | OK | |||
r-release-windows-x86_64 | 0.1.1 | 63.00 | 274.00 | 337.00 | OK | |
r-oldrel-macos-arm64 | 0.1.1 | 162.00 | OK | |||
r-oldrel-macos-x86_64 | 0.1.1 | 146.00 | OK | |||
r-oldrel-windows-ix86+x86_64 | 0.1.1 | 185.00 | 319.00 | 504.00 | OK |
Version: 0.1.1
Check: C++ specification
Result: NOTE
Specified C++11: please drop specification unless essential
Flavors: r-devel-linux-x86_64-debian-clang, r-devel-linux-x86_64-debian-gcc, r-devel-linux-x86_64-fedora-clang, r-devel-linux-x86_64-fedora-gcc, r-devel-windows-x86_64, r-patched-linux-x86_64