CRAN Package Check Results for Package DTAT

Last updated on 2021-10-26 09:09:22 CEST.

Flavor Version Tinstall Tcheck Ttotal Status Flags
r-devel-linux-x86_64-debian-clang 0.3-4 14.87 127.82 142.69 OK
r-devel-linux-x86_64-debian-gcc 0.3-4 10.88 94.96 105.84 OK
r-devel-linux-x86_64-fedora-clang 0.3-4 181.68 OK
r-devel-linux-x86_64-fedora-gcc 0.3-4 163.77 OK
r-devel-windows-x86_64 0.3-4 24.00 167.00 191.00 OK
r-devel-windows-x86_64-gcc10-UCRT 0.3-4 OK
r-patched-linux-x86_64 0.3-4 19.50 121.20 140.70 OK
r-patched-solaris-x86 0.3-4 238.10 OK
r-release-linux-x86_64 0.3-4 12.90 119.44 132.34 OK
r-release-macos-arm64 0.3-4 OK
r-release-macos-x86_64 0.3-4 WARN
r-release-windows-ix86+x86_64 0.3-4 24.00 159.00 183.00 OK
r-oldrel-macos-x86_64 0.3-4 WARN
r-oldrel-windows-ix86+x86_64 0.3-4 35.00 174.00 209.00 OK

Check Details

Version: 0.3-4
Check: re-building of vignette outputs
Result: WARN
    Error(s) in re-building vignettes:
     ...
    --- re-building ‘Designing-33PC.Rmd’ using rmarkdown
    Warning in engine$weave(file, quiet = quiet, encoding = enc) :
     Pandoc (>= 1.12.3) not available. Falling back to R Markdown v1.
    Quitting from lines 164-165 (Designing-33PC.Rmd)
    Error: processing vignette 'Designing-33PC.Rmd' failed with diagnostics:
    invalid 'path' argument
    --- failed re-building ‘Designing-33PC.Rmd’
    
    SUMMARY: processing the following file failed:
     ‘Designing-33PC.Rmd’
    
    Error: Vignette re-building failed.
    Execution halted
Flavor: r-release-macos-x86_64

Version: 0.3-4
Check: re-building of vignette outputs
Result: WARN
    Error(s) in re-building vignettes:
     ...
    --- re-building ‘Designing-33PC.Rmd’ using rmarkdown
    Warning in engine$weave(file, quiet = quiet, encoding = enc) :
     Pandoc (>= 1.12.3) and/or pandoc-citeproc not available. Falling back to R Markdown v1.
    Quitting from lines 164-165 (Designing-33PC.Rmd)
    Error: processing vignette 'Designing-33PC.Rmd' failed with diagnostics:
    cannot open the connection
    --- failed re-building ‘Designing-33PC.Rmd’
    
    SUMMARY: processing the following file failed:
     ‘Designing-33PC.Rmd’
    
    Error: Vignette re-building failed.
    Execution halted
Flavor: r-oldrel-macos-x86_64