CRAN Package Check Results for Package DeclareDesign

Last updated on 2021-12-09 07:50:09 CET.

Flavor Version Tinstall Tcheck Ttotal Status Flags
r-devel-linux-x86_64-debian-clang 0.28.0 7.07 197.11 204.18 OK
r-devel-linux-x86_64-debian-gcc 0.28.0 5.55 149.91 155.46 OK
r-devel-linux-x86_64-fedora-clang 0.28.0 241.67 NOTE
r-devel-linux-x86_64-fedora-gcc 0.28.0 234.42 OK
r-devel-windows-x86_64-new-UL 0.28.0 24.00 238.00 262.00 OK
r-devel-windows-x86_64-new-TK 0.28.0 OK
r-devel-windows-x86_64-old 0.28.0 15.00 242.00 257.00 OK
r-patched-linux-x86_64 0.28.0 9.62 192.97 202.59 OK
r-release-linux-x86_64 0.28.0 5.80 193.25 199.05 OK
r-release-macos-arm64 0.28.0 OK
r-release-macos-x86_64 0.28.0 OK
r-release-windows-ix86+x86_64 0.28.0 15.00 229.00 244.00 OK
r-oldrel-macos-x86_64 0.28.0 OK
r-oldrel-windows-ix86+x86_64 0.28.0 22.00 231.00 253.00 OK

Check Details

Version: 0.28.0
Check: Rd cross-references
Result: NOTE
    Undeclared package ‘future’ in Rd xrefs
Flavor: r-devel-linux-x86_64-fedora-clang