Last updated on 2023-09-26 17:09:15 CEST.
Flavor | Version | Tinstall | Tcheck | Ttotal | Status | Flags |
---|---|---|---|---|---|---|
r-devel-linux-x86_64-debian-clang | 1.0.2 | 5.27 | 36.66 | 41.93 | NOTE | |
r-devel-linux-x86_64-debian-gcc | 1.0.2 | 3.80 | 29.08 | 32.88 | NOTE | |
r-devel-linux-x86_64-fedora-clang | 1.0.2 | 50.30 | NOTE | |||
r-devel-linux-x86_64-fedora-gcc | 1.0.2 | 49.45 | NOTE | |||
r-devel-windows-x86_64 | 1.0.2 | 8.00 | 55.00 | 63.00 | NOTE | |
r-patched-linux-x86_64 | 1.0.2 | 4.11 | 36.04 | 40.15 | NOTE | |
r-release-linux-x86_64 | 1.0.2 | 4.74 | 35.92 | 40.66 | NOTE | |
r-release-macos-arm64 | 1.0.2 | 19.00 | NOTE | |||
r-release-macos-x86_64 | 1.0.2 | 28.00 | NOTE | |||
r-release-windows-x86_64 | 1.0.2 | 10.00 | 57.00 | 67.00 | NOTE | |
r-oldrel-macos-arm64 | 1.0.2 | 18.00 | OK | |||
r-oldrel-macos-x86_64 | 1.0.2 | 28.00 | OK | |||
r-oldrel-windows-x86_64 | 1.0.2 | 9.00 | 65.00 | 74.00 | OK |
Version: 1.0.2
Check: Rd files
Result: NOTE
checkRd: (-1) DendSer.Rd:50: Escaped LaTeX specials: \&
Flavors: r-devel-linux-x86_64-debian-clang, r-devel-linux-x86_64-debian-gcc, r-devel-linux-x86_64-fedora-clang, r-devel-linux-x86_64-fedora-gcc, r-devel-windows-x86_64, r-patched-linux-x86_64, r-release-linux-x86_64, r-release-macos-arm64, r-release-macos-x86_64, r-release-windows-x86_64