CRAN Package Check Results for Package DendSer

Last updated on 2024-05-24 05:11:29 CEST.

Flavor Version Tinstall Tcheck Ttotal Status Flags
r-devel-linux-x86_64-debian-clang 1.0.2 4.81 36.85 41.66 NOTE
r-devel-linux-x86_64-debian-gcc 1.0.2 3.73 29.14 32.87 NOTE
r-devel-linux-x86_64-fedora-clang 1.0.2 52.00 NOTE
r-devel-linux-x86_64-fedora-gcc 1.0.2 49.71 NOTE
r-devel-windows-x86_64 1.0.2 8.00 53.00 61.00 NOTE
r-patched-linux-x86_64 1.0.2 4.16 35.73 39.89 NOTE
r-release-linux-x86_64 1.0.2 4.91 36.21 41.12 NOTE
r-release-macos-arm64 1.0.2 22.00 NOTE
r-release-windows-x86_64 1.0.2 8.00 50.00 58.00 NOTE
r-oldrel-macos-arm64 1.0.2 19.00 NOTE
r-oldrel-macos-x86_64 1.0.2 28.00 NOTE
r-oldrel-windows-x86_64 1.0.2 9.00 57.00 66.00 NOTE

Check Details

Version: 1.0.2
Check: Rd files
Result: NOTE checkRd: (-1) DendSer.Rd:50: Escaped LaTeX specials: \& Flavors: r-devel-linux-x86_64-debian-clang, r-devel-linux-x86_64-debian-gcc, r-devel-linux-x86_64-fedora-clang, r-devel-linux-x86_64-fedora-gcc, r-devel-windows-x86_64, r-patched-linux-x86_64, r-release-linux-x86_64, r-release-macos-arm64, r-release-windows-x86_64, r-oldrel-macos-arm64, r-oldrel-macos-x86_64, r-oldrel-windows-x86_64