CRAN Package Check Results for Package DepthProc

Last updated on 2021-12-04 15:51:13 CET.

Flavor Version Tinstall Tcheck Ttotal Status Flags
r-devel-linux-x86_64-debian-clang 2.1.4 171.08 205.68 376.76 OK
r-devel-linux-x86_64-debian-gcc 2.1.4 120.71 150.20 270.91 OK
r-devel-linux-x86_64-fedora-clang 2.1.4 550.01 OK
r-devel-linux-x86_64-fedora-gcc 2.1.4 485.17 OK
r-devel-windows-x86_64-new-UL 2.1.4 228.00 272.00 500.00 OK
r-devel-windows-x86_64-new-TK 2.1.4 OK
r-devel-windows-x86_64-old 2.1.4 236.00 179.00 415.00 OK
r-patched-linux-x86_64 2.1.4 151.64 178.87 330.51 OK
r-release-linux-x86_64 2.1.4 152.72 179.00 331.72 OK
r-release-macos-arm64 2.1.4 NOTE
r-release-macos-x86_64 2.1.4 OK
r-release-windows-ix86+x86_64 2.1.4 432.00 355.00 787.00 OK
r-oldrel-macos-x86_64 2.1.4 NOTE
r-oldrel-windows-ix86+x86_64 2.1.4 439.00 318.00 757.00 OK

Check Details

Version: 2.1.4
Check: installed package size
Result: NOTE
     installed size is 5.7Mb
     sub-directories of 1Mb or more:
     libs 4.7Mb
Flavor: r-release-macos-arm64

Version: 2.1.4
Check: whether the namespace can be loaded with stated dependencies
Result: NOTE
    Warning in .recacheSubclasses(def@className, def, env) :
     undefined subclass "numericVector" of class "Mnumeric"; definition not updated
    
    A namespace must be able to be loaded with just the base namespace
    loaded: otherwise if the namespace gets loaded by a saved object, the
    session will be unable to start.
    
    Probably some imports need to be declared in the NAMESPACE file.
Flavor: r-oldrel-macos-x86_64