CRAN Package Check Results for Package DescTools

Last updated on 2021-11-30 19:51:21 CET.

Flavor Version Tinstall Tcheck Ttotal Status Flags
r-devel-linux-x86_64-debian-clang 0.99.44 87.95 362.58 450.53 NOTE
r-devel-linux-x86_64-debian-gcc 0.99.44 77.18 267.52 344.70 NOTE
r-devel-linux-x86_64-fedora-clang 0.99.44 610.62 NOTE
r-devel-linux-x86_64-fedora-gcc 0.99.44 578.34 NOTE
r-devel-windows-x86_64-new-UL 0.99.44 177.00 542.00 719.00 NOTE
r-devel-windows-x86_64-new-TK 0.99.44 NOTE
r-devel-windows-x86_64-old 0.99.44 136.00 352.00 488.00 NOTE
r-patched-linux-x86_64 0.99.44 94.91 346.98 441.89 NOTE
r-patched-solaris-x86 0.99.44 578.70 NOTE
r-release-linux-x86_64 0.99.44 83.46 355.36 438.82 NOTE
r-release-macos-arm64 0.99.44 NOTE
r-release-macos-x86_64 0.99.44 NOTE
r-release-windows-ix86+x86_64 0.99.44 207.00 637.00 844.00 NOTE
r-oldrel-macos-x86_64 0.99.44 NOTE
r-oldrel-windows-ix86+x86_64 0.99.44 135.00 472.00 607.00 NOTE

Check Details

Version: 0.99.44
Check: package dependencies
Result: NOTE
    Package suggested but not available for checking: 'RDCOMClient'
Flavors: r-devel-linux-x86_64-debian-clang, r-devel-linux-x86_64-debian-gcc, r-devel-linux-x86_64-fedora-clang, r-devel-linux-x86_64-fedora-gcc, r-devel-windows-x86_64-new-UL, r-devel-windows-x86_64-new-TK, r-devel-windows-x86_64-old, r-patched-linux-x86_64, r-patched-solaris-x86, r-release-linux-x86_64, r-release-macos-arm64, r-release-macos-x86_64, r-release-windows-ix86+x86_64, r-oldrel-macos-x86_64, r-oldrel-windows-ix86+x86_64

Version: 0.99.44
Check: installed package size
Result: NOTE
     installed size is 8.3Mb
     sub-directories of 1Mb or more:
     R 1.7Mb
     doc 1.8Mb
     help 1.5Mb
     libs 2.7Mb
Flavors: r-devel-linux-x86_64-fedora-clang, r-devel-windows-x86_64-new-UL, r-devel-windows-x86_64-old, r-patched-solaris-x86, r-release-macos-arm64, r-release-macos-x86_64, r-release-windows-ix86+x86_64, r-oldrel-macos-x86_64, r-oldrel-windows-ix86+x86_64

Version: 0.99.44
Check: Rd cross-references
Result: NOTE
    Undeclared packages ‘ineq’, ‘randtests’, ‘Hmisc’, ‘plotrix’, ‘caret’, ‘pcaPP’, ‘polycor’, ‘lmtest’, ‘car’, ‘gmp’, ‘vcdExtra’, ‘chron’, ‘coin’, ‘caTools’, ‘forecast’, ‘sfsmisc’, ‘vcd’, ‘areaplot’, ‘corrgram’, ‘UsingR’, ‘memisc’, ‘gtools’, ‘BSDA’, ‘prettyR’ in Rd xrefs
Flavor: r-devel-linux-x86_64-fedora-clang