CRAN Package Check Results for Package DetMCD

Last updated on 2021-11-28 19:48:49 CET.

Flavor Version Tinstall Tcheck Ttotal Status Flags
r-devel-linux-x86_64-debian-clang 0.0.5 OK
r-devel-linux-x86_64-debian-gcc 0.0.5 24.17 22.55 46.72 OK
r-devel-linux-x86_64-fedora-clang 0.0.5 97.54 NOTE
r-devel-linux-x86_64-fedora-gcc 0.0.5 79.31 OK
r-devel-windows-x86_64-new-UL 0.0.5 43.00 93.00 136.00 OK
r-devel-windows-x86_64-new-TK 0.0.5 OK
r-devel-windows-x86_64-old 0.0.5 34.00 70.00 104.00 OK
r-patched-linux-x86_64 0.0.5 30.05 27.65 57.70 OK
r-patched-solaris-x86 0.0.5 84.80 OK
r-release-linux-x86_64 0.0.5 30.77 27.49 58.26 OK
r-release-macos-arm64 0.0.5 NOTE
r-release-macos-x86_64 0.0.5 NOTE
r-release-windows-ix86+x86_64 0.0.5 72.00 53.00 125.00 OK
r-oldrel-macos-x86_64 0.0.5 NOTE
r-oldrel-windows-ix86+x86_64 0.0.5 54.00 64.00 118.00 OK

Check Details

Version: 0.0.5
Check: installed package size
Result: NOTE
     installed size is 10.4Mb
     sub-directories of 1Mb or more:
     libs 10.3Mb
Flavors: r-devel-linux-x86_64-fedora-clang, r-release-macos-arm64, r-release-macos-x86_64, r-oldrel-macos-x86_64