CRAN Package Check Results for Package DetR

Last updated on 2021-12-01 03:55:25 CET.

Flavor Version Tinstall Tcheck Ttotal Status Flags
r-devel-linux-x86_64-debian-clang 0.0.5 58.13 37.49 95.62 OK
r-devel-linux-x86_64-debian-gcc 0.0.5 38.47 34.22 72.69 OK
r-devel-linux-x86_64-fedora-clang 0.0.5 141.56 NOTE
r-devel-linux-x86_64-fedora-gcc 0.0.5 128.57 OK
r-devel-windows-x86_64-new-UL 0.0.5 69.00 112.00 181.00 OK
r-devel-windows-x86_64-new-TK 0.0.5 OK
r-devel-windows-x86_64-old 0.0.5 63.00 64.00 127.00 OK
r-patched-linux-x86_64 0.0.5 52.66 38.48 91.14 OK
r-patched-solaris-x86 0.0.5 121.70 OK
r-release-linux-x86_64 0.0.5 52.53 38.76 91.29 OK
r-release-macos-arm64 0.0.5 NOTE
r-release-macos-x86_64 0.0.5 NOTE
r-release-windows-ix86+x86_64 0.0.5 116.00 65.00 181.00 OK
r-oldrel-macos-x86_64 0.0.5 NOTE
r-oldrel-windows-ix86+x86_64 0.0.5 81.00 81.00 162.00 OK

Check Details

Version: 0.0.5
Check: installed package size
Result: NOTE
     installed size is 17.6Mb
     sub-directories of 1Mb or more:
     libs 16.8Mb
Flavors: r-devel-linux-x86_64-fedora-clang, r-release-macos-arm64, r-release-macos-x86_64, r-oldrel-macos-x86_64