Last updated on 2023-09-24 21:04:42 CEST.
Flavor | Version | Tinstall | Tcheck | Ttotal | Status | Flags |
---|---|---|---|---|---|---|
r-devel-linux-x86_64-debian-clang | 0.6.4 | 4.63 | 37.58 | 42.21 | NOTE | |
r-devel-linux-x86_64-debian-gcc | 0.6.4 | 3.23 | 29.02 | 32.25 | NOTE | |
r-devel-linux-x86_64-fedora-clang | 0.6.4 | 53.62 | NOTE | |||
r-devel-linux-x86_64-fedora-gcc | 0.6.4 | 51.53 | NOTE | |||
r-devel-windows-x86_64 | 0.6.4 | 4.00 | 60.00 | 64.00 | NOTE | |
r-patched-linux-x86_64 | 0.6.4 | 4.68 | 37.55 | 42.23 | NOTE | |
r-release-linux-x86_64 | 0.6.4 | 4.44 | 37.31 | 41.75 | NOTE | |
r-release-macos-arm64 | 0.6.4 | 22.00 | NOTE | |||
r-release-macos-x86_64 | 0.6.4 | 31.00 | NOTE | |||
r-release-windows-x86_64 | 0.6.4 | 5.00 | 58.00 | 63.00 | NOTE | |
r-oldrel-macos-arm64 | 0.6.4 | 24.00 | NOTE | |||
r-oldrel-macos-x86_64 | 0.6.4 | 29.00 | NOTE | |||
r-oldrel-windows-x86_64 | 0.6.4 | 6.00 | 64.00 | 70.00 | NOTE |
Version: 0.6.4
Check: package dependencies
Result: NOTE
Package suggested but not available for checking: ‘rrelaxiv’
Flavors: r-devel-linux-x86_64-debian-clang, r-devel-linux-x86_64-debian-gcc, r-devel-linux-x86_64-fedora-clang, r-devel-linux-x86_64-fedora-gcc, r-devel-windows-x86_64, r-patched-linux-x86_64, r-release-linux-x86_64, r-release-macos-arm64, r-release-macos-x86_64, r-release-windows-x86_64, r-oldrel-macos-arm64, r-oldrel-macos-x86_64, r-oldrel-windows-x86_64