Last updated on 2023-11-29 07:52:08 CET.
Flavor | Version | Tinstall | Tcheck | Ttotal | Status | Flags |
---|---|---|---|---|---|---|
r-devel-linux-x86_64-debian-clang | 1.0.10 | 22.68 | 268.30 | 290.98 | NOTE | |
r-devel-linux-x86_64-debian-gcc | 1.0.10 | 19.35 | 199.32 | 218.67 | NOTE | |
r-devel-linux-x86_64-fedora-clang | 1.0.10 | 354.40 | NOTE | |||
r-devel-linux-x86_64-fedora-gcc | 1.0.10 | 341.76 | NOTE | |||
r-devel-windows-x86_64 | 1.0.10 | 23.00 | 270.00 | 293.00 | OK | |
r-patched-linux-x86_64 | 1.0.10 | 20.13 | 254.32 | 274.45 | OK | |
r-release-linux-x86_64 | 1.0.10 | 15.41 | 257.71 | 273.12 | OK | |
r-release-macos-arm64 | 1.0.10 | 97.00 | OK | |||
r-release-macos-x86_64 | 1.0.10 | 227.00 | OK | |||
r-release-windows-x86_64 | 1.0.10 | 30.00 | 339.00 | 369.00 | OK | |
r-oldrel-macos-arm64 | 1.0.10 | 87.00 | OK | |||
r-oldrel-macos-x86_64 | 1.0.10 | 116.00 | OK | |||
r-oldrel-windows-x86_64 | 1.0.10 | 29.00 | 285.00 | 314.00 | OK |
Version: 1.0.10
Check: Rd files
Result: NOTE
checkRd: (-1) grViz.Rd:44: Lost braces
44 | pkg{htmlwidgets}.
| ^
Flavors: r-devel-linux-x86_64-debian-clang, r-devel-linux-x86_64-debian-gcc
Version: 1.0.10
Check: data for non-ASCII characters
Result: NOTE
Note: found 1 marked UTF-8 string
Flavors: r-devel-linux-x86_64-fedora-clang, r-devel-linux-x86_64-fedora-gcc