CRAN Package Check Results for Package DisaggregateTS

Last updated on 2024-02-29 00:00:29 CET.

Flavor Version Tinstall Tcheck Ttotal Status Flags
r-devel-linux-x86_64-debian-clang 2.0.0 9.25 69.49 78.74 NOTE
r-devel-linux-x86_64-debian-gcc 2.0.0 6.50 53.36 59.86 NOTE
r-devel-linux-x86_64-fedora-clang 2.0.0 98.33 NOTE
r-devel-linux-x86_64-fedora-gcc 2.0.0 93.81 NOTE
r-devel-windows-x86_64 2.0.0 8.00 68.00 76.00 NOTE
r-patched-linux-x86_64 2.0.0 7.26 68.70 75.96 NOTE
r-release-linux-x86_64 2.0.0 7.91 69.84 77.75 NOTE
r-release-macos-arm64 2.0.0 31.00 NOTE
r-release-macos-x86_64 2.0.0 49.00 NOTE
r-release-windows-x86_64 2.0.0 9.00 80.00 89.00 NOTE
r-oldrel-macos-arm64 2.0.0 36.00 OK
r-oldrel-windows-x86_64 2.0.0 9.00 82.00 91.00 OK

Check Details

Version: 2.0.0
Check: Rd files
Result: NOTE checkRd: (-1) TempDisaggDGP.Rd:79: Escaped LaTeX specials: \& checkRd: (-1) disaggregate.Rd:56: Escaped LaTeX specials: \& Flavors: r-devel-linux-x86_64-debian-clang, r-devel-linux-x86_64-debian-gcc, r-devel-linux-x86_64-fedora-clang, r-devel-linux-x86_64-fedora-gcc, r-devel-windows-x86_64, r-patched-linux-x86_64, r-release-linux-x86_64, r-release-macos-arm64, r-release-macos-x86_64, r-release-windows-x86_64