CRAN Package Check Results for Package DistributionOptimization

Last updated on 2021-12-07 23:54:27 CET.

Flavor Version Tinstall Tcheck Ttotal Status Flags
r-devel-linux-x86_64-debian-clang 1.2.6 5.94 66.86 72.80 NOTE
r-devel-linux-x86_64-debian-gcc 1.2.6 5.21 51.92 57.13 NOTE
r-devel-linux-x86_64-fedora-clang 1.2.6 90.13 NOTE
r-devel-linux-x86_64-fedora-gcc 1.2.6 76.39 NOTE
r-devel-windows-x86_64-new-UL 1.2.6 15.00 95.00 110.00 NOTE
r-devel-windows-x86_64-new-TK 1.2.6 NOTE
r-devel-windows-x86_64-old 1.2.6 12.00 80.00 92.00 NOTE
r-patched-linux-x86_64 1.2.6 6.00 62.85 68.85 NOTE
r-release-linux-x86_64 1.2.6 4.93 63.26 68.19 NOTE
r-release-macos-arm64 1.2.6 NOTE
r-release-macos-x86_64 1.2.6 NOTE
r-release-windows-ix86+x86_64 1.2.6 16.00 78.00 94.00 NOTE
r-oldrel-macos-x86_64 1.2.6 OK
r-oldrel-windows-ix86+x86_64 1.2.6 18.00 83.00 101.00 OK

Check Details

Version: 1.2.6
Check: LazyData
Result: NOTE
     'LazyData' is specified without a 'data' directory
Flavors: r-devel-linux-x86_64-debian-clang, r-devel-linux-x86_64-debian-gcc, r-devel-linux-x86_64-fedora-clang, r-devel-linux-x86_64-fedora-gcc, r-devel-windows-x86_64-new-UL, r-devel-windows-x86_64-new-TK, r-devel-windows-x86_64-old, r-patched-linux-x86_64, r-release-linux-x86_64, r-release-macos-arm64, r-release-macos-x86_64, r-release-windows-ix86+x86_64