CRAN Package Check Results for Package DoE.wrapper

Last updated on 2022-01-26 08:51:15 CET.

Flavor Version Tinstall Tcheck Ttotal Status Flags
r-devel-linux-x86_64-debian-clang 0.11 5.10 107.75 112.85 NOTE
r-devel-linux-x86_64-debian-gcc 0.11 4.15 82.09 86.24 NOTE
r-devel-linux-x86_64-fedora-clang 0.11 132.31 NOTE
r-devel-linux-x86_64-fedora-gcc 0.11 133.27 NOTE
r-devel-windows-x86_64-new-UL 0.11 37.00 130.00 167.00 NOTE
r-devel-windows-x86_64-new-TK 0.11 NOTE
r-patched-linux-x86_64 0.11 9.96 98.37 108.33 NOTE
r-release-linux-x86_64 0.11 5.36 96.30 101.66 NOTE
r-release-macos-arm64 0.11 NOTE
r-release-macos-x86_64 0.11 NOTE
r-release-windows-ix86+x86_64 0.11 21.00 114.00 135.00 NOTE
r-oldrel-macos-x86_64 0.11 OK
r-oldrel-windows-ix86+x86_64 0.11 22.00 116.00 138.00 OK

Check Details

Version: 0.11
Check: LazyData
Result: NOTE
     'LazyData' is specified without a 'data' directory
Flavors: r-devel-linux-x86_64-debian-clang, r-devel-linux-x86_64-debian-gcc, r-devel-linux-x86_64-fedora-clang, r-devel-linux-x86_64-fedora-gcc, r-devel-windows-x86_64-new-UL, r-devel-windows-x86_64-new-TK, r-patched-linux-x86_64, r-release-linux-x86_64, r-release-macos-arm64, r-release-macos-x86_64, r-release-windows-ix86+x86_64

Version: 0.11
Check: package dependencies
Result: NOTE
    Package suggested but not available for checking: 'skpr'
Flavor: r-devel-windows-x86_64-new-TK

Version: 0.11
Check: Rd cross-references
Result: NOTE
    Package unavailable to check Rd xrefs: 'skpr'
Flavor: r-devel-windows-x86_64-new-TK