Last updated on 2023-12-07 15:48:15 CET.
Flavor | Version | Tinstall | Tcheck | Ttotal | Status | Flags |
---|---|---|---|---|---|---|
r-devel-linux-x86_64-debian-clang | 0.12 | 18.47 | 147.74 | 166.21 | OK | |
r-devel-linux-x86_64-debian-gcc | 0.12 | 15.84 | 106.12 | 121.96 | OK | |
r-devel-linux-x86_64-fedora-clang | 0.12 | 202.60 | OK | |||
r-devel-linux-x86_64-fedora-gcc | 0.12 | 194.63 | OK | |||
r-devel-windows-x86_64 | 0.12 | 18.00 | 144.00 | 162.00 | OK | |
r-patched-linux-x86_64 | 0.12 | 17.35 | 140.10 | 157.45 | OK | |
r-release-linux-x86_64 | 0.12 | 18.06 | 139.74 | 157.80 | OK | |
r-release-macos-arm64 | 0.12 | 55.00 | OK | |||
r-release-macos-x86_64 | 0.12 | 97.00 | NOTE | |||
r-release-windows-x86_64 | 0.12 | 27.00 | 176.00 | 203.00 | OK | |
r-oldrel-macos-arm64 | 0.12 | 47.00 | OK | |||
r-oldrel-macos-x86_64 | 0.12 | 98.00 | OK | |||
r-oldrel-windows-x86_64 | 0.12 | 24.00 | 155.00 | 179.00 | OK |
Version: 0.12
Check: package dependencies
Result: NOTE
Package suggested but not available for checking: ‘PerformanceAnalytics’
Flavor: r-release-macos-x86_64