Last updated on 2023-03-23 03:53:18 CET.
Flavor | Version | Tinstall | Tcheck | Ttotal | Status | Flags |
---|---|---|---|---|---|---|
r-devel-linux-x86_64-debian-clang | 0.4.4 | 96.75 | 444.85 | 541.60 | NOTE | |
r-devel-linux-x86_64-debian-gcc | 0.4.4 | 74.88 | 325.23 | 400.11 | NOTE | |
r-devel-linux-x86_64-fedora-clang | 0.4.4 | 704.96 | NOTE | |||
r-devel-linux-x86_64-fedora-gcc | 0.4.4 | 692.57 | NOTE | |||
r-devel-windows-x86_64 | 0.4.4 | 107.00 | 508.00 | 615.00 | NOTE | |
r-patched-linux-x86_64 | 0.4.4 | 85.87 | 432.35 | 518.22 | OK | |
r-release-linux-x86_64 | 0.4.4 | 74.91 | 438.05 | 512.96 | OK | |
r-release-macos-arm64 | 0.4.4 | 166.00 | OK | |||
r-release-macos-x86_64 | 0.4.4 | 229.00 | OK | |||
r-release-windows-x86_64 | 0.4.4 | 131.00 | 554.00 | 685.00 | OK | |
r-oldrel-macos-arm64 | 0.4.4 | 160.00 | OK | |||
r-oldrel-macos-x86_64 | 0.4.4 | 233.00 | OK | |||
r-oldrel-windows-ix86+x86_64 | 0.4.4 | 227.00 | 767.00 | 994.00 | OK |
Version: 0.4.4
Check: C++ specification
Result: NOTE
Specified C++11: please drop specification unless essential
Flavors: r-devel-linux-x86_64-debian-clang, r-devel-linux-x86_64-debian-gcc, r-devel-linux-x86_64-fedora-clang, r-devel-linux-x86_64-fedora-gcc, r-devel-windows-x86_64
Version: 0.4.4
Check: dependencies in R code
Result: NOTE
Namespace in Imports field not imported from: ‘progress’
All declared Imports should be used.
Flavors: r-devel-linux-x86_64-fedora-clang, r-devel-linux-x86_64-fedora-gcc