Last updated on 2023-12-02 15:49:53 CET.
Flavor | Version | Tinstall | Tcheck | Ttotal | Status | Flags |
---|---|---|---|---|---|---|
r-devel-linux-x86_64-debian-clang | 3.0.9 | 13.44 | 208.64 | 222.08 | NOTE | |
r-devel-linux-x86_64-debian-gcc | 3.0.9 | 10.60 | 153.80 | 164.40 | NOTE | |
r-devel-linux-x86_64-fedora-clang | 3.0.9 | 269.13 | OK | |||
r-devel-linux-x86_64-fedora-gcc | 3.0.9 | 273.02 | OK | |||
r-devel-windows-x86_64 | 3.0.9 | 14.00 | 206.00 | 220.00 | OK | |
r-patched-linux-x86_64 | 3.0.9 | 11.58 | 200.29 | 211.87 | OK | |
r-release-linux-x86_64 | 3.0.9 | 8.76 | 197.74 | 206.50 | OK | |
r-release-macos-arm64 | 3.0.9 | 88.00 | OK | |||
r-release-macos-x86_64 | 3.0.9 | 176.00 | OK | |||
r-release-windows-x86_64 | 3.0.9 | 18.00 | 241.00 | 259.00 | OK | |
r-oldrel-macos-arm64 | 3.0.9 | 82.00 | OK | |||
r-oldrel-macos-x86_64 | 3.0.9 | 118.00 | OK | |||
r-oldrel-windows-x86_64 | 3.0.9 | 19.00 | 224.00 | 243.00 | OK |
Version: 3.0.9
Check: Rd files
Result: NOTE
checkRd: (-1) Constants.Rd:13: Lost braces in \itemize; meant \describe ?
checkRd: (-1) Constants.Rd:14: Lost braces in \itemize; meant \describe ?
checkRd: (-1) Constants.Rd:15: Lost braces in \itemize; meant \describe ?
checkRd: (-1) boxConcMonth.Rd:24: Lost braces; missing escapes or markup?
24 | \item{las}{numeric in {0,1,2,3}; the style of axis labels, see ?par}
| ^
checkRd: (-1) boxQTwice.Rd:28: Lost braces; missing escapes or markup?
28 | \item{las}{numeric in {0,1,2,3}; the style of axis labels, see ?par}
| ^
checkRd: (-1) boxResidMonth.Rd:17: Lost braces; missing escapes or markup?
17 | \item{las}{numeric in {0,1,2,3}; the style of axis labels}
| ^
Flavors: r-devel-linux-x86_64-debian-clang, r-devel-linux-x86_64-debian-gcc