CRAN Package Check Results for Package EIX

Last updated on 2022-01-17 19:49:33 CET.

Flavor Version Tinstall Tcheck Ttotal Status Flags
r-devel-linux-x86_64-debian-clang 1.2.0 13.19 229.19 242.38 OK
r-devel-linux-x86_64-debian-gcc 1.2.0 9.06 164.63 173.69 OK
r-devel-linux-x86_64-fedora-clang 1.2.0 262.71 OK
r-devel-linux-x86_64-fedora-gcc 1.2.0 242.40 OK
r-devel-windows-x86_64-new-UL 1.2.0 28.00 222.00 250.00 OK
r-devel-windows-x86_64-new-TK 1.2.0 NOTE
r-patched-linux-x86_64 1.2.0 13.64 200.34 213.98 OK
r-release-linux-x86_64 1.2.0 OK
r-release-macos-arm64 1.2.0 OK
r-release-macos-x86_64 1.2.0 OK
r-release-windows-ix86+x86_64 1.2.0 29.00 218.00 247.00 OK
r-oldrel-macos-x86_64 1.2.0 OK
r-oldrel-windows-ix86+x86_64 1.2.0 29.00 222.00 251.00 OK

Check Details

Version: 1.2.0
Check: package dependencies
Result: NOTE
    Package suggested but not available for checking: 'lightgbm'
Flavor: r-devel-windows-x86_64-new-TK