CRAN Package Check Results for Package EMCluster

Last updated on 2021-09-23 12:57:45 CEST.

Flavor Version Tinstall Tcheck Ttotal Status Flags
r-devel-linux-x86_64-debian-clang 0.2-13 27.92 83.05 110.97 NOTE
r-devel-linux-x86_64-debian-gcc 0.2-13 17.13 64.87 82.00 NOTE
r-devel-linux-x86_64-fedora-clang 0.2-13 142.26 NOTE
r-devel-linux-x86_64-fedora-gcc 0.2-13 125.99 NOTE
r-devel-windows-x86_64 0.2-13 37.00 84.00 121.00 OK
r-devel-windows-x86_64-gcc10-UCRT 0.2-13 ERROR
r-patched-linux-x86_64 0.2-13 21.43 81.32 102.75 NOTE
r-patched-solaris-x86 0.2-13 182.40 NOTE
r-release-linux-x86_64 0.2-13 20.76 82.63 103.39 NOTE
r-release-macos-arm64 0.2-13 OK
r-release-macos-x86_64 0.2-13 OK
r-release-windows-ix86+x86_64 0.2-13 88.00 138.00 226.00 OK
r-oldrel-macos-x86_64 0.2-13 OK
r-oldrel-windows-ix86+x86_64 0.2-13 72.00 112.00 184.00 OK

Check Details

Version: 0.2-13
Check: package dependencies
Result: NOTE
    Package which this enhances but not available for checking: 'PPtree'
Flavors: r-devel-linux-x86_64-debian-clang, r-devel-linux-x86_64-debian-gcc, r-devel-linux-x86_64-fedora-clang, r-devel-linux-x86_64-fedora-gcc, r-devel-windows-x86_64-gcc10-UCRT, r-patched-linux-x86_64, r-patched-solaris-x86, r-release-linux-x86_64

Version: 0.2-13
Check: whether package can be installed
Result: ERROR
    Installation failed.
Flavor: r-devel-windows-x86_64-gcc10-UCRT