CRAN Package Check Results for Package EMMAgeo

Last updated on 2024-07-25 01:55:34 CEST.

Flavor Version Tinstall Tcheck Ttotal Status Flags
r-devel-linux-x86_64-debian-clang 0.9.7 7.49 107.13 114.62 OK
r-devel-linux-x86_64-debian-gcc 0.9.7 5.42 79.17 84.59 NOTE
r-devel-linux-x86_64-fedora-clang 0.9.7 136.20 OK
r-devel-linux-x86_64-fedora-gcc 0.9.7 145.69 OK
r-devel-windows-x86_64 0.9.7 9.00 96.00 105.00 NOTE
r-patched-linux-x86_64 0.9.7 10.15 101.88 112.03 OK
r-release-linux-x86_64 0.9.7 5.74 100.34 106.08 OK
r-release-macos-arm64 0.9.7 38.00 OK
r-release-macos-x86_64 0.9.7 61.00 OK
r-release-windows-x86_64 0.9.7 7.00 95.00 102.00 OK
r-oldrel-macos-arm64 0.9.7 38.00 OK
r-oldrel-macos-x86_64 0.9.7 67.00 OK
r-oldrel-windows-x86_64 0.9.7 9.00 120.00 129.00 OK

Check Details

Version: 0.9.7
Check: Rd cross-references
Result: NOTE Found the following Rd file(s) with Rd \link{} targets missing package anchors: EMMA.Rd: rotations, nnls GUI.Rd: runApp test.robustness.Rd: rotations Please provide package anchors for all Rd \link{} targets not in the package itself and the base packages. Flavors: r-devel-linux-x86_64-debian-gcc, r-devel-windows-x86_64