CRAN Package Check Results for Package ERSA

Last updated on 2021-11-29 15:51:11 CET.

Flavor Version Tinstall Tcheck Ttotal Status Flags
r-devel-linux-x86_64-debian-clang 0.1.3 7.99 72.91 80.90 NOTE
r-devel-linux-x86_64-debian-gcc 0.1.3 6.04 55.52 61.56 NOTE
r-devel-linux-x86_64-fedora-clang 0.1.3 105.76 NOTE
r-devel-linux-x86_64-fedora-gcc 0.1.3 94.98 NOTE
r-devel-windows-x86_64-new-UL 0.1.3 17.00 129.00 146.00 NOTE
r-devel-windows-x86_64-new-TK 0.1.3 NOTE
r-devel-windows-x86_64-old 0.1.3 14.00 74.00 88.00 NOTE
r-patched-linux-x86_64 0.1.3 7.92 66.97 74.89 NOTE
r-patched-solaris-x86 0.1.3 124.80 NOTE
r-release-linux-x86_64 0.1.3 7.48 67.04 74.52 NOTE
r-release-macos-arm64 0.1.3 NOTE
r-release-macos-x86_64 0.1.3 NOTE
r-release-windows-ix86+x86_64 0.1.3 19.00 98.00 117.00 NOTE
r-oldrel-macos-x86_64 0.1.3 OK
r-oldrel-windows-ix86+x86_64 0.1.3 15.00 72.00 87.00 OK

Check Details

Version: 0.1.3
Check: LazyData
Result: NOTE
     'LazyData' is specified without a 'data' directory
Flavors: r-devel-linux-x86_64-debian-clang, r-devel-linux-x86_64-debian-gcc, r-devel-linux-x86_64-fedora-clang, r-devel-linux-x86_64-fedora-gcc, r-devel-windows-x86_64-new-UL, r-devel-windows-x86_64-new-TK, r-devel-windows-x86_64-old, r-patched-linux-x86_64, r-patched-solaris-x86, r-release-linux-x86_64, r-release-macos-arm64, r-release-macos-x86_64, r-release-windows-ix86+x86_64