CRAN Package Check Results for Package EWGoF

Last updated on 2023-10-02 17:01:36 CEST.

Flavor Version Tinstall Tcheck Ttotal Status Flags
r-devel-linux-x86_64-debian-clang 2.2.2 103.57 42.48 146.05 NOTE
r-devel-linux-x86_64-debian-gcc 2.2.2 60.61 32.08 92.69 NOTE
r-devel-linux-x86_64-fedora-clang 2.2.2 213.14 NOTE
r-devel-linux-x86_64-fedora-gcc 2.2.2 190.88 NOTE
r-devel-windows-x86_64 2.2.2 62.00 67.00 129.00 NOTE
r-patched-linux-x86_64 2.2.2 95.73 41.71 137.44 NOTE
r-release-linux-x86_64 2.2.2 92.53 41.33 133.86 NOTE
r-release-macos-arm64 2.2.2 44.00 NOTE
r-release-macos-x86_64 2.2.2 79.00 NOTE
r-release-windows-x86_64 2.2.2 74.00 81.00 155.00 NOTE
r-oldrel-macos-arm64 2.2.2 43.00 NOTE
r-oldrel-macos-x86_64 2.2.2 56.00 NOTE
r-oldrel-windows-x86_64 2.2.2 92.00 76.00 168.00 NOTE

Check Details

Version: 2.2.2
Check: LazyData
Result: NOTE
     'LazyData' is specified without a 'data' directory
Flavors: r-devel-linux-x86_64-debian-clang, r-devel-linux-x86_64-debian-gcc, r-devel-linux-x86_64-fedora-clang, r-devel-linux-x86_64-fedora-gcc, r-devel-windows-x86_64, r-patched-linux-x86_64, r-release-linux-x86_64, r-release-macos-arm64, r-release-macos-x86_64, r-release-windows-x86_64, r-oldrel-macos-arm64, r-oldrel-macos-x86_64, r-oldrel-windows-x86_64