CRAN Package Check Results for Package EasyABC

Last updated on 2022-01-17 23:51:21 CET.

Flavor Version Tinstall Tcheck Ttotal Status Flags
r-devel-linux-x86_64-debian-clang 1.5 24.26 166.83 191.09 OK
r-devel-linux-x86_64-debian-gcc 1.5 17.68 126.00 143.68 OK
r-devel-linux-x86_64-fedora-clang 1.5 238.02 NOTE
r-devel-linux-x86_64-fedora-gcc 1.5 220.74 NOTE
r-devel-windows-x86_64-new-UL 1.5 50.00 191.00 241.00 OK
r-devel-windows-x86_64-new-TK 1.5 OK
r-patched-linux-x86_64 1.5 26.26 160.65 186.91 OK
r-release-linux-x86_64 1.5 OK
r-release-macos-arm64 1.5 OK
r-release-macos-x86_64 1.5 OK
r-release-windows-ix86+x86_64 1.5 54.00 242.00 296.00 OK
r-oldrel-macos-x86_64 1.5 OK
r-oldrel-windows-ix86+x86_64 1.5 53.00 250.00 303.00 OK

Check Details

Version: 1.5
Check: compiled code
Result: NOTE
    File ‘EasyABC/libs/EasyABC.so’:
     Found no calls to: ‘R_registerRoutines’, ‘R_useDynamicSymbols’
    
    It is good practice to register native routines and to disable symbol
    search.
    
    See ‘Writing portable packages’ in the ‘Writing R Extensions’ manual.
Flavors: r-devel-linux-x86_64-fedora-clang, r-devel-linux-x86_64-fedora-gcc