CRAN Package Check Results for Package Ecfun

Last updated on 2021-10-25 04:54:07 CEST.

Flavor Version Tinstall Tcheck Ttotal Status Flags
r-devel-linux-x86_64-debian-clang 0.2-5 15.19 142.43 157.62 OK
r-devel-linux-x86_64-debian-gcc 0.2-5 13.38 106.52 119.90 OK
r-devel-linux-x86_64-fedora-clang 0.2-5 197.43 NOTE
r-devel-linux-x86_64-fedora-gcc 0.2-5 190.32 OK
r-devel-windows-x86_64 0.2-5 25.00 198.00 223.00 OK
r-devel-windows-x86_64-gcc10-UCRT 0.2-5 OK
r-patched-linux-x86_64 0.2-5 18.63 143.95 162.58 OK
r-patched-solaris-x86 0.2-5 276.60 OK
r-release-linux-x86_64 0.2-5 14.31 142.70 157.01 OK
r-release-macos-arm64 0.2-5 OK
r-release-macos-x86_64 0.2-5 OK
r-release-windows-ix86+x86_64 0.2-5 22.00 201.00 223.00 OK
r-oldrel-macos-x86_64 0.2-5 OK
r-oldrel-windows-ix86+x86_64 0.2-5 32.00 207.00 239.00 OK

Check Details

Version: 0.2-5
Check: Rd cross-references
Result: NOTE
    Undeclared packages ‘EnvStats’, ‘drc’, ‘zoo’, ‘prodlim’, ‘plyr’, ‘TRAMPR’, ‘raster’ in Rd xrefs
Flavor: r-devel-linux-x86_64-fedora-clang