CRAN Package Check Results for Package Ecume

Last updated on 2021-10-27 00:51:02 CEST.

Flavor Version Tinstall Tcheck Ttotal Status Flags
r-devel-linux-x86_64-debian-clang 0.9.1 17.23 243.26 260.49 NOTE
r-devel-linux-x86_64-debian-gcc 0.9.1 13.77 253.43 267.20 NOTE
r-devel-linux-x86_64-fedora-clang 0.9.1 331.15 NOTE
r-devel-linux-x86_64-fedora-gcc 0.9.1 297.80 NOTE
r-devel-windows-x86_64 0.9.1 26.00 306.00 332.00 NOTE
r-devel-windows-x86_64-gcc10-UCRT 0.9.1 NOTE
r-patched-linux-x86_64 0.9.1 17.57 227.08 244.65 NOTE
r-patched-solaris-x86 0.9.1 406.60 NOTE
r-release-linux-x86_64 0.9.1 14.76 227.60 242.36 NOTE
r-release-macos-arm64 0.9.1 NOTE
r-release-macos-x86_64 0.9.1 NOTE
r-release-windows-ix86+x86_64 0.9.1 29.00 293.00 322.00 NOTE
r-oldrel-macos-x86_64 0.9.1 OK
r-oldrel-windows-ix86+x86_64 0.9.1 41.00 308.00 349.00 OK

Check Details

Version: 0.9.1
Check: LazyData
Result: NOTE
     'LazyData' is specified without a 'data' directory
Flavors: r-devel-linux-x86_64-debian-clang, r-devel-linux-x86_64-debian-gcc, r-devel-linux-x86_64-fedora-clang, r-devel-linux-x86_64-fedora-gcc, r-devel-windows-x86_64, r-devel-windows-x86_64-gcc10-UCRT, r-patched-linux-x86_64, r-patched-solaris-x86, r-release-linux-x86_64, r-release-macos-arm64, r-release-macos-x86_64, r-release-windows-ix86+x86_64