Last updated on 2023-11-29 04:00:56 CET.
Flavor | Version | Tinstall | Tcheck | Ttotal | Status | Flags |
---|---|---|---|---|---|---|
r-devel-linux-x86_64-debian-clang | 0.9.1 | 20.98 | 278.31 | 299.29 | NOTE | |
r-devel-linux-x86_64-debian-gcc | 0.9.1 | 17.01 | 202.86 | 219.87 | NOTE | |
r-devel-linux-x86_64-fedora-clang | 0.9.1 | 362.36 | NOTE | |||
r-devel-linux-x86_64-fedora-gcc | 0.9.1 | 491.03 | NOTE | |||
r-devel-windows-x86_64 | 0.9.1 | 17.00 | 204.00 | 221.00 | NOTE | |
r-patched-linux-x86_64 | 0.9.1 | 15.65 | 251.35 | 267.00 | NOTE | |
r-release-linux-x86_64 | 0.9.1 | 14.70 | 257.88 | 272.58 | NOTE | |
r-release-macos-arm64 | 0.9.1 | 174.00 | NOTE | |||
r-release-macos-x86_64 | 0.9.1 | 209.00 | NOTE | |||
r-release-windows-x86_64 | 0.9.1 | 22.00 | 268.00 | 290.00 | NOTE | |
r-oldrel-macos-arm64 | 0.9.1 | 140.00 | NOTE | |||
r-oldrel-macos-x86_64 | 0.9.1 | 236.00 | NOTE | |||
r-oldrel-windows-x86_64 | 0.9.1 | 24.00 | 369.00 | 393.00 | NOTE |
Version: 0.9.1
Check: LazyData
Result: NOTE
'LazyData' is specified without a 'data' directory
Flavors: r-devel-linux-x86_64-debian-clang, r-devel-linux-x86_64-debian-gcc, r-devel-linux-x86_64-fedora-clang, r-devel-linux-x86_64-fedora-gcc, r-devel-windows-x86_64, r-patched-linux-x86_64, r-release-linux-x86_64, r-release-macos-arm64, r-release-macos-x86_64, r-release-windows-x86_64, r-oldrel-macos-arm64, r-oldrel-macos-x86_64, r-oldrel-windows-x86_64