CRAN Package Check Results for Package EdSurvey

Last updated on 2021-09-23 00:48:38 CEST.

Flavor Version Tinstall Tcheck Ttotal Status Flags
r-devel-linux-x86_64-debian-clang 2.7.0 55.10 583.54 638.64 OK
r-devel-linux-x86_64-debian-gcc 2.7.0 44.27 608.93 653.20 OK
r-devel-linux-x86_64-fedora-clang 2.7.0 740.77 OK
r-devel-linux-x86_64-fedora-gcc 2.7.0 708.70 OK
r-devel-windows-x86_64 2.7.0 55.00 433.00 488.00 OK
r-devel-windows-x86_64-gcc10-UCRT 2.7.0 ERROR
r-patched-linux-x86_64 2.7.0 54.55 617.99 672.54 OK
r-patched-solaris-x86 2.7.0 887.20 OK
r-release-linux-x86_64 2.7.0 50.08 578.30 628.38 OK
r-release-macos-arm64 2.7.0 OK
r-release-macos-x86_64 2.7.0 OK
r-release-windows-ix86+x86_64 2.7.0 96.00 568.00 664.00 OK
r-oldrel-macos-x86_64 2.7.0 OK
r-oldrel-windows-ix86+x86_64 2.7.0 65.00 421.00 486.00 OK

Check Details

Version: 2.7.0
Check: PDF version of manual
Result: WARN
    LaTeX errors when creating PDF version.
    This typically indicates Rd problems.
Flavor: r-devel-windows-x86_64-gcc10-UCRT

Version: 2.7.0
Check: PDF version of manual without hyperrefs or index
Result: ERROR
    Re-running with no redirection of stdout/stderr.
Flavor: r-devel-windows-x86_64-gcc10-UCRT