Last updated on 2023-03-28 09:53:44 CEST.
Flavor | Version | Tinstall | Tcheck | Ttotal | Status | Flags |
---|---|---|---|---|---|---|
r-devel-linux-x86_64-debian-clang | 0.29.4 | 37.82 | 111.23 | 149.05 | OK | |
r-devel-linux-x86_64-debian-gcc | 0.29.4 | 27.90 | 94.41 | 122.31 | OK | |
r-devel-linux-x86_64-fedora-clang | 0.29.4 | 196.81 | NOTE | |||
r-devel-linux-x86_64-fedora-gcc | 0.29.4 | 199.60 | OK | |||
r-devel-windows-x86_64 | 0.29.4 | 45.00 | 171.00 | 216.00 | NOTE | |
r-patched-linux-x86_64 | 0.29.4 | 25.52 | 108.08 | 133.60 | OK | |
r-release-linux-x86_64 | 0.29.4 | 29.81 | 110.94 | 140.75 | OK | |
r-release-macos-arm64 | 0.29.4 | 71.00 | OK | |||
r-release-macos-x86_64 | 0.29.4 | 86.00 | OK | |||
r-release-windows-x86_64 | 0.29.4 | 41.00 | 173.00 | 214.00 | OK | |
r-oldrel-macos-arm64 | 0.29.4 | 93.00 | OK | |||
r-oldrel-macos-x86_64 | 0.29.4 | 130.00 | OK | |||
r-oldrel-windows-ix86+x86_64 | 0.29.4 | 84.00 | 184.00 | 268.00 | OK |
Version: 0.29.4
Check: Rd cross-references
Result: NOTE
Undeclared package ‘EloRating’ in Rd xrefs
Flavor: r-devel-linux-x86_64-fedora-clang
Version: 0.29.4
Check: C++ specification
Result: NOTE
Specified C++11: please drop specification unless essential
Flavor: r-devel-windows-x86_64