CRAN Package Check Results for Package EntropyMCMC

Last updated on 2021-10-16 13:03:54 CEST.

Flavor Version Tinstall Tcheck Ttotal Status Flags
r-devel-linux-x86_64-debian-clang 1.0.4 11.54 100.70 112.24 OK
r-devel-linux-x86_64-debian-gcc 1.0.4 9.68 77.37 87.05 OK
r-devel-linux-x86_64-fedora-clang 1.0.4 144.94 OK
r-devel-linux-x86_64-fedora-gcc 1.0.4 132.93 OK
r-devel-windows-x86_64 1.0.4 15.00 98.00 113.00 OK
r-devel-windows-x86_64-gcc10-UCRT 1.0.4 OK
r-patched-linux-x86_64 1.0.4 10.23 96.27 106.50 OK
r-patched-solaris-x86 1.0.4 179.20 OK
r-release-linux-x86_64 1.0.4 11.54 96.31 107.85 OK
r-release-macos-arm64 1.0.4 NOTE
r-release-macos-x86_64 1.0.4 NOTE
r-release-windows-ix86+x86_64 1.0.4 26.00 166.00 192.00 OK
r-oldrel-macos-x86_64 1.0.4 NOTE
r-oldrel-windows-ix86+x86_64 1.0.4 25.00 170.00 195.00 OK

Check Details

Version: 1.0.4
Check: package dependencies
Result: NOTE
    Package suggested but not available for checking: ‘Rmpi’
Flavors: r-release-macos-arm64, r-release-macos-x86_64, r-oldrel-macos-x86_64