CRAN Package Check Results for Package Epi

Last updated on 2023-05-31 01:03:17 CEST.

Flavor Version Tinstall Tcheck Ttotal Status Flags
r-devel-linux-x86_64-debian-clang 2.47.1 28.09 830.36 858.45 NOTE
r-devel-linux-x86_64-debian-gcc 2.47.1 22.36 610.42 632.78 NOTE
r-devel-linux-x86_64-fedora-clang 2.47.1 1051.13 NOTE
r-devel-linux-x86_64-fedora-gcc 2.47.1 1088.84 NOTE
r-devel-windows-x86_64 2.47.1 27.00 226.00 253.00 NOTE --no-vignettes
r-patched-linux-x86_64 2.47.1 26.15 785.29 811.44 NOTE
r-release-linux-x86_64 2.47.1 26.21 780.77 806.98 NOTE
r-release-macos-arm64 2.47.1 552.00 NOTE
r-release-macos-x86_64 2.47 1328.00 WARN
r-release-windows-x86_64 2.47.1 34.00 263.00 297.00 NOTE --no-vignettes
r-oldrel-macos-arm64 2.47.1 527.00 OK
r-oldrel-macos-x86_64 2.47.1 823.00 OK
r-oldrel-windows-x86_64 2.47.1 36.00 284.00 320.00 OK --no-vignettes

Check Details

Version: 2.47.1
Check: Rd \usage sections
Result: NOTE
    S3 methods shown with full name in documentation object ‘addDrug.Lexis’:
     ‘addDrug.Lexis’
    
    The \usage entries for S3 methods should use the \method markup and not
    their full name.
    See chapter ‘Writing R documentation files’ in the ‘Writing R
    Extensions’ manual.
Flavors: r-devel-linux-x86_64-debian-clang, r-devel-linux-x86_64-debian-gcc, r-devel-linux-x86_64-fedora-clang, r-devel-linux-x86_64-fedora-gcc, r-patched-linux-x86_64, r-release-linux-x86_64, r-release-macos-arm64

Version: 2.47.1
Flags: --no-vignettes
Check: Rd \usage sections
Result: NOTE
    S3 methods shown with full name in documentation object 'addDrug.Lexis':
     'addDrug.Lexis'
    
    The \usage entries for S3 methods should use the \method markup and not
    their full name.
    See chapter 'Writing R documentation files' in the 'Writing R
    Extensions' manual.
Flavors: r-devel-windows-x86_64, r-release-windows-x86_64

Version: 2.47
Check: S3 generic/method consistency
Result: WARN
    AaJ:
     function(Lx, ...)
    AaJ.Lexis:
     function(Lx, formula, timeScale)
    
    addCov:
     function(Lx, ...)
    addCov.Lexis:
     function(Lx, clin, timescale, exnam, tfc)
    
    addDrug:
     function(Lx, ...)
    addDrug.Lexis:
     function(Lx, pdat, amt, dpt, apt, method, maxt, grace, tnam, prefix,
     sepfix, verbose)
    See section ‘Generic functions and methods’ in the ‘Writing R
    Extensions’ manual.
Flavor: r-release-macos-x86_64

Version: 2.47
Check: Rd \usage sections
Result: NOTE
    S3 methods shown with full name in documentation object 'addDrug.Lexis':
     ‘addDrug.Lexis’
    
    The \usage entries for S3 methods should use the \method markup and not
    their full name.
    See chapter ‘Writing R documentation files’ in the ‘Writing R
    Extensions’ manual.
Flavor: r-release-macos-x86_64