CRAN Package Check Results for Package EpiEstim

Last updated on 2023-12-02 11:49:25 CET.

Flavor Version Tinstall Tcheck Ttotal Status Flags
r-devel-linux-x86_64-debian-clang 2.2-4 15.06 206.08 221.14 NOTE
r-devel-linux-x86_64-debian-gcc 2.2-4 11.43 152.55 163.98 NOTE
r-devel-linux-x86_64-fedora-clang 2.2-4 270.08 OK
r-devel-linux-x86_64-fedora-gcc 2.2-4 273.79 OK
r-devel-windows-x86_64 2.2-4 13.00 162.00 175.00 OK
r-patched-linux-x86_64 2.2-4 17.83 194.91 212.74 OK
r-release-linux-x86_64 2.2-4 10.59 194.90 205.49 OK
r-release-macos-arm64 2.2-4 80.00 OK
r-release-macos-x86_64 2.2-4 144.00 OK
r-release-windows-x86_64 2.2-4 18.00 204.00 222.00 OK
r-oldrel-macos-arm64 2.2-4 94.00 OK
r-oldrel-macos-x86_64 2.2-4 154.00 OK
r-oldrel-windows-x86_64 2.2-4 17.00 207.00 224.00 OK

Check Details

Version: 2.2-4
Check: Rd files
Result: NOTE checkRd: (-1) estimate_R.Rd:59-62: Lost braces in \itemize; \value handles \item{}{} directly checkRd: (-1) estimate_R.Rd:64-65: Lost braces in \itemize; \value handles \item{}{} directly checkRd: (-1) estimate_R.Rd:67-68: Lost braces in \itemize; \value handles \item{}{} directly checkRd: (-1) estimate_R.Rd:70-72: Lost braces in \itemize; \value handles \item{}{} directly checkRd: (-1) estimate_R.Rd:74: Lost braces in \itemize; \value handles \item{}{} directly checkRd: (-1) estimate_R.Rd:76-77: Lost braces in \itemize; \value handles \item{}{} directly checkRd: (-1) estimate_R.Rd:79-80: Lost braces in \itemize; \value handles \item{}{} directly checkRd: (-1) estimate_R.Rd:82: Lost braces in \itemize; \value handles \item{}{} directly checkRd: (-1) estimate_R.Rd:84-86: Lost braces in \itemize; \value handles \item{}{} directly checkRd: (-1) wallinga_teunis.Rd:48-51: Lost braces in \itemize; \value handles \item{}{} directly checkRd: (-1) wallinga_teunis.Rd:51-52: Lost braces in \itemize; \value handles \item{}{} directly checkRd: (-1) wallinga_teunis.Rd:53-54: Lost braces in \itemize; \value handles \item{}{} directly checkRd: (-1) wallinga_teunis.Rd:54-55: Lost braces in \itemize; \value handles \item{}{} directly checkRd: (-1) wallinga_teunis.Rd:55-56: Lost braces in \itemize; \value handles \item{}{} directly checkRd: (-1) wallinga_teunis.Rd:56-58: Lost braces in \itemize; \value handles \item{}{} directly checkRd: (-1) wallinga_teunis.Rd:58-59: Lost braces in \itemize; \value handles \item{}{} directly Flavors: r-devel-linux-x86_64-debian-clang, r-devel-linux-x86_64-debian-gcc