CRAN Package Check Results for Package EpiNow2

Last updated on 2024-03-04 19:54:11 CET.

Flavor Version Tinstall Tcheck Ttotal Status Flags
r-devel-linux-x86_64-debian-clang 1.4.0 815.24 288.21 1103.45 NOTE
r-devel-linux-x86_64-debian-gcc 1.4.0 857.35 263.52 1120.87 NOTE
r-devel-linux-x86_64-fedora-clang 1.4.0 1419.57 NOTE
r-devel-linux-x86_64-fedora-gcc 1.4.0 2091.13 NOTE
r-devel-windows-x86_64 1.4.0 677.00 298.00 975.00 NOTE
r-patched-linux-x86_64 1.4.0 0.02 2.96 2.98 ERROR
r-release-linux-x86_64 1.4.0 0.02 2.97 2.99 ERROR
r-release-macos-arm64 1.4.0 489.00 NOTE
r-release-macos-x86_64 1.4.0 853.00 NOTE
r-release-windows-x86_64 1.4.0 901.00 392.00 1293.00 NOTE
r-oldrel-macos-arm64 1.4.0 402.00 NOTE
r-oldrel-windows-x86_64 1.4.0 847.00 347.00 1194.00 NOTE

Check Details

Version: 1.4.0
Check: for GNU extensions in Makefiles
Result: NOTE GNU make is a SystemRequirements. Flavors: r-devel-linux-x86_64-debian-clang, r-devel-linux-x86_64-debian-gcc, r-devel-linux-x86_64-fedora-clang, r-devel-linux-x86_64-fedora-gcc, r-devel-windows-x86_64, r-release-macos-arm64, r-release-macos-x86_64, r-release-windows-x86_64, r-oldrel-macos-arm64, r-oldrel-windows-x86_64

Version: 1.4.0
Check: installed package size
Result: NOTE installed size is 11.6Mb sub-directories of 1Mb or more: help 2.1Mb libs 8.4Mb Flavors: r-devel-linux-x86_64-fedora-clang, r-devel-windows-x86_64, r-release-macos-arm64, r-release-macos-x86_64, r-release-windows-x86_64, r-oldrel-macos-arm64, r-oldrel-windows-x86_64

Version: 1.4.0
Check: whether package can be installed
Result: ERROR Installation failed. Flavors: r-patched-linux-x86_64, r-release-linux-x86_64