CRAN Package Check Results for Package EquiSurv

Last updated on 2024-07-16 00:55:59 CEST.

Flavor Version Tinstall Tcheck Ttotal Status Flags
r-devel-linux-x86_64-debian-clang 0.1.0 5.70 108.21 113.91 NOTE
r-devel-linux-x86_64-debian-gcc 0.1.0 6.57 77.22 83.79 NOTE
r-devel-linux-x86_64-fedora-clang 0.1.0 136.26 NOTE
r-devel-linux-x86_64-fedora-gcc 0.1.0 131.60 NOTE
r-devel-windows-x86_64 0.1.0 7.00 87.00 94.00 NOTE
r-patched-linux-x86_64 0.1.0 5.88 98.21 104.09 NOTE
r-release-linux-x86_64 0.1.0 7.11 101.21 108.32 NOTE
r-release-macos-arm64 0.1.0 37.00 NOTE
r-release-macos-x86_64 0.1.0 64.00 NOTE
r-release-windows-x86_64 0.1.0 7.00 88.00 95.00 NOTE
r-oldrel-macos-arm64 0.1.0 43.00 NOTE
r-oldrel-macos-x86_64 0.1.0 73.00 NOTE
r-oldrel-windows-x86_64 0.1.0 9.00 111.00 120.00 NOTE

Check Details

Version: 0.1.0
Check: LazyData
Result: NOTE 'LazyData' is specified without a 'data' directory Flavors: r-devel-linux-x86_64-debian-clang, r-devel-linux-x86_64-debian-gcc, r-devel-linux-x86_64-fedora-clang, r-devel-linux-x86_64-fedora-gcc, r-devel-windows-x86_64, r-patched-linux-x86_64, r-release-linux-x86_64, r-release-macos-arm64, r-release-macos-x86_64, r-release-windows-x86_64, r-oldrel-macos-arm64, r-oldrel-macos-x86_64, r-oldrel-windows-x86_64