CRAN Package Check Results for Package EvaluateCore

Last updated on 2024-06-12 20:58:55 CEST.

Flavor Version Tinstall Tcheck Ttotal Status Flags
r-devel-linux-x86_64-debian-clang 0.1.3 15.15 145.58 160.73 NOTE
r-devel-linux-x86_64-debian-gcc 0.1.3 0.35 1.73 2.08 ERROR
r-devel-linux-x86_64-fedora-clang 0.1.3 198.16 NOTE
r-devel-linux-x86_64-fedora-gcc 0.1.3 185.52 NOTE
r-devel-windows-x86_64 0.1.3 13.00 121.00 134.00 NOTE
r-patched-linux-x86_64 0.1.3 14.14 136.50 150.64 NOTE
r-release-linux-x86_64 0.1.3 13.65 140.26 153.91 NOTE
r-release-macos-arm64 0.1.3 57.00 NOTE
r-release-macos-x86_64 0.1.3 78.00 NOTE
r-release-windows-x86_64 0.1.3 14.00 55.00 69.00 FAIL
r-oldrel-macos-arm64 0.1.3 64.00 OK
r-oldrel-macos-x86_64 0.1.3 103.00 OK
r-oldrel-windows-x86_64 0.1.3 17.00 156.00 173.00 OK

Check Details

Version: 0.1.3
Check: Rd files
Result: NOTE checkRd: (-1) dist.evaluate.core.Rd:26: Lost braces; missing escapes or markup? 26 | the \code{names} column in {data} as labels. If \code{NULL} (default), | ^ Flavors: r-devel-linux-x86_64-debian-clang, r-devel-linux-x86_64-fedora-clang, r-devel-linux-x86_64-fedora-gcc, r-devel-windows-x86_64, r-patched-linux-x86_64, r-release-linux-x86_64, r-release-macos-arm64, r-release-macos-x86_64

Version: 0.1.3
Check: package dependencies
Result: ERROR Packages required but not available: 'car', 'dplyr', 'ggcorrplot', 'ggplot2', 'reshape2' See section ‘The DESCRIPTION file’ in the ‘Writing R Extensions’ manual. Flavor: r-devel-linux-x86_64-debian-gcc

Version: 0.1.3
Check: R code for possible problems
Result: FAIL
Flavor: r-release-windows-x86_64