Last updated on 2025-04-30 01:50:18 CEST.
Flavor | Version | Tinstall | Tcheck | Ttotal | Status | Flags |
---|---|---|---|---|---|---|
r-devel-linux-x86_64-debian-clang | 0.1.2 | 2.02 | 129.42 | 131.44 | NOTE | |
r-devel-linux-x86_64-debian-gcc | 0.1.2 | 1.94 | 84.37 | 86.31 | OK | |
r-devel-linux-x86_64-fedora-clang | 0.1.2 | 214.27 | OK | |||
r-devel-linux-x86_64-fedora-gcc | 0.1.2 | 221.48 | OK | |||
r-devel-windows-x86_64 | 0.1.2 | 5.00 | 171.00 | 176.00 | OK | |
r-patched-linux-x86_64 | 0.1.2 | 3.24 | 123.88 | 127.12 | OK | |
r-release-linux-x86_64 | 0.1.2 | 2.66 | 123.96 | 126.62 | OK | |
r-release-macos-arm64 | 0.1.2 | 69.00 | OK | |||
r-release-macos-x86_64 | 0.1.2 | 124.00 | OK | |||
r-release-windows-x86_64 | 0.1.2 | 5.00 | 174.00 | 179.00 | OK | |
r-oldrel-macos-arm64 | 0.1.2 | 55.00 | OK | |||
r-oldrel-macos-x86_64 | 0.1.2 | 102.00 | OK | |||
r-oldrel-windows-x86_64 | 0.1.2 | 5.00 | 209.00 | 214.00 | OK |
Version: 0.1.2
Check: examples
Result: NOTE
Examples with CPU (user + system) or elapsed time > 5s
user system elapsed
phaseDiagram3S 4.886 0.073 5.533
Flavor: r-devel-linux-x86_64-debian-clang