CRAN Package Check Results for Package ExGaussEstim

Last updated on 2024-02-24 07:51:23 CET.

Flavor Version Tinstall Tcheck Ttotal Status Flags
r-devel-linux-x86_64-debian-clang 0.1.2 7.35 66.35 73.70 OK
r-devel-linux-x86_64-debian-gcc 0.1.2 6.11 50.82 56.93 OK
r-devel-linux-x86_64-fedora-clang 0.1.2 107.33 NOTE
r-devel-linux-x86_64-fedora-gcc 0.1.2 86.00 NOTE
r-devel-windows-x86_64 0.1.2 7.00 64.00 71.00 OK
r-patched-linux-x86_64 0.1.2 5.06 65.62 70.68 OK
r-release-linux-x86_64 0.1.2 5.23 65.24 70.47 OK
r-release-macos-arm64 0.1.2 34.00 OK
r-release-macos-x86_64 0.1.2 59.00 OK
r-release-windows-x86_64 0.1.2 9.00 74.00 83.00 OK
r-oldrel-macos-arm64 0.1.2 63.00 OK
r-oldrel-windows-x86_64 0.1.2 10.00 80.00 90.00 OK

Check Details

Version: 0.1.2
Check: dependencies in R code
Result: NOTE Namespace in Imports field not imported from: ‘gamlss.dist’ All declared Imports should be used. Flavors: r-devel-linux-x86_64-fedora-clang, r-devel-linux-x86_64-fedora-gcc