CRAN Package Check Results for Package Exact

Last updated on 2022-01-22 11:50:58 CET.

Flavor Version Tinstall Tcheck Ttotal Status Flags
r-devel-linux-x86_64-debian-clang 3.1 5.65 49.00 54.65 NOTE
r-devel-linux-x86_64-debian-gcc 3.1 4.61 37.16 41.77 NOTE
r-devel-linux-x86_64-fedora-clang 3.1 67.59 NOTE
r-devel-linux-x86_64-fedora-gcc 3.1 54.51 NOTE
r-devel-windows-x86_64-new-UL 3.1 32.00 64.00 96.00 NOTE
r-devel-windows-x86_64-new-TK 3.1 NOTE
r-patched-linux-x86_64 3.1 5.55 47.27 52.82 NOTE
r-release-linux-x86_64 3.1 5.92 47.38 53.30 NOTE
r-release-macos-arm64 3.1 NOTE
r-release-macos-x86_64 3.1 NOTE
r-release-windows-ix86+x86_64 3.1 10.00 55.00 65.00 NOTE
r-oldrel-macos-x86_64 3.1 NOTE
r-oldrel-windows-ix86+x86_64 3.1 16.00 44.00 60.00 NOTE

Check Details

Version: 3.1
Check: package dependencies
Result: NOTE
    Package suggested but not available for checking: 'ExactData'
Flavors: r-devel-linux-x86_64-debian-clang, r-devel-linux-x86_64-debian-gcc, r-devel-linux-x86_64-fedora-clang, r-devel-linux-x86_64-fedora-gcc, r-devel-windows-x86_64-new-UL, r-devel-windows-x86_64-new-TK, r-patched-linux-x86_64, r-release-linux-x86_64, r-release-macos-arm64, r-release-macos-x86_64, r-release-windows-ix86+x86_64, r-oldrel-macos-x86_64, r-oldrel-windows-ix86+x86_64