CRAN Package Check Results for Package FAOSTAT

Last updated on 2021-09-23 08:50:57 CEST.

Flavor Version Tinstall Tcheck Ttotal Status Flags
r-devel-linux-x86_64-debian-clang 2.2.1 6.80 71.65 78.45 OK
r-devel-linux-x86_64-debian-gcc 2.2.1 5.38 54.55 59.93 OK
r-devel-linux-x86_64-fedora-clang 2.2.1 105.28 NOTE
r-devel-linux-x86_64-fedora-gcc 2.2.1 91.58 NOTE
r-devel-windows-x86_64 2.2.1 10.00 74.00 84.00 OK
r-devel-windows-x86_64-gcc10-UCRT 2.2.1 ERROR
r-patched-linux-x86_64 2.2.1 6.94 67.93 74.87 OK
r-patched-solaris-x86 2.2.1 130.30 NOTE
r-release-linux-x86_64 2.2.1 6.26 68.01 74.27 OK
r-release-macos-arm64 2.2.1 NOTE
r-release-macos-x86_64 2.2.1 NOTE
r-release-windows-ix86+x86_64 2.2.1 17.00 95.00 112.00 OK
r-oldrel-macos-x86_64 2.2.1 NOTE
r-oldrel-windows-ix86+x86_64 2.2.1 13.00 68.00 81.00 OK

Check Details

Version: 2.2.1
Check: data for non-ASCII characters
Result: NOTE
     Note: found 179 marked UTF-8 strings
Flavors: r-devel-linux-x86_64-fedora-clang, r-devel-linux-x86_64-fedora-gcc, r-patched-solaris-x86, r-release-macos-arm64, r-release-macos-x86_64, r-oldrel-macos-x86_64

Version: 2.2.1
Check: package dependencies
Result: ERROR
    Package required but not available: 'XML'
    
    See section 'The DESCRIPTION file' in the 'Writing R Extensions'
    manual.
Flavor: r-devel-windows-x86_64-gcc10-UCRT