Last updated on 2023-03-27 20:52:14 CEST.
Flavor | Version | Tinstall | Tcheck | Ttotal | Status | Flags |
---|---|---|---|---|---|---|
r-devel-linux-x86_64-debian-clang | 1.2 | 31.15 | 34.52 | 65.67 | OK | |
r-devel-linux-x86_64-debian-gcc | 1.2 | 18.68 | 27.15 | 45.83 | OK | |
r-devel-linux-x86_64-fedora-clang | 1.2 | 85.92 | OK | |||
r-devel-linux-x86_64-fedora-gcc | 1.2 | 78.50 | OK | |||
r-patched-linux-x86_64 | 1.2 | 21.77 | 33.22 | 54.99 | OK | |
r-release-linux-x86_64 | 1.2 | 20.28 | 34.79 | 55.07 | OK | |
r-release-macos-arm64 | 1.2 | 29.00 | NOTE | |||
r-release-macos-x86_64 | 1.2 | 39.00 | NOTE | |||
r-release-windows-x86_64 | 1.2 | 40.00 | 87.00 | 127.00 | OK | |
r-oldrel-macos-arm64 | 1.2 | 32.00 | NOTE | |||
r-oldrel-macos-x86_64 | 1.2 | 56.00 | NOTE | |||
r-oldrel-windows-ix86+x86_64 | 1.2 | 69.00 | 89.00 | 158.00 | NOTE |
Version: 1.2
Check: installed package size
Result: NOTE
installed size is 5.9Mb
sub-directories of 1Mb or more:
data 3.5Mb
libs 2.3Mb
Flavors: r-release-macos-arm64, r-release-macos-x86_64, r-oldrel-macos-arm64, r-oldrel-macos-x86_64, r-oldrel-windows-ix86+x86_64