CRAN Package Check Results for Package FFD

Last updated on 2021-09-26 00:48:40 CEST.

Flavor Version Tinstall Tcheck Ttotal Status Flags
r-devel-linux-x86_64-debian-clang 1.0-8 12.13 86.20 98.33 OK
r-devel-linux-x86_64-debian-gcc 1.0-8 8.46 65.59 74.05 OK
r-devel-linux-x86_64-fedora-clang 1.0-8 127.64 NOTE
r-devel-linux-x86_64-fedora-gcc 1.0-8 116.25 NOTE
r-devel-windows-x86_64 1.0-8 14.00 83.00 97.00 OK
r-devel-windows-x86_64-gcc10-UCRT 1.0-8 OK
r-patched-linux-x86_64 1.0-8 11.89 83.93 95.82 OK
r-patched-solaris-x86 1.0-8 164.00 OK
r-release-linux-x86_64 1.0-8 10.98 83.62 94.60 OK
r-release-macos-arm64 1.0-8 OK
r-release-macos-x86_64 1.0-8 OK
r-release-windows-ix86+x86_64 1.0-8 23.00 136.00 159.00 OK
r-oldrel-macos-x86_64 1.0-8 OK
r-oldrel-windows-ix86+x86_64 1.0-8 19.00 110.00 129.00 OK

Check Details

Version: 1.0-8
Check: compiled code
Result: NOTE
    File ‘FFD/libs/FFD.so’:
     Found no calls to: ‘R_registerRoutines’, ‘R_useDynamicSymbols’
    
    It is good practice to register native routines and to disable symbol
    search.
    
    See ‘Writing portable packages’ in the ‘Writing R Extensions’ manual.
Flavors: r-devel-linux-x86_64-fedora-clang, r-devel-linux-x86_64-fedora-gcc