Last updated on 2023-03-23 23:51:50 CET.
Flavor | Version | Tinstall | Tcheck | Ttotal | Status | Flags |
---|---|---|---|---|---|---|
r-devel-linux-x86_64-debian-clang | 0.1.0 | 39.62 | 443.26 | 482.88 | NOTE | |
r-devel-linux-x86_64-debian-gcc | 0.1.0 | 44.58 | 808.04 | 852.62 | NOTE | |
r-devel-linux-x86_64-fedora-clang | 0.1.0 | 494.70 | NOTE | |||
r-devel-linux-x86_64-fedora-gcc | 0.1.0 | 570.84 | NOTE | |||
r-devel-windows-x86_64 | 0.1.0 | 44.00 | 327.00 | 371.00 | NOTE | |
r-patched-linux-x86_64 | 0.1.0 | 48.28 | 580.20 | 628.48 | OK | |
r-release-linux-x86_64 | 0.1.0 | 42.90 | 656.42 | 699.32 | OK | |
r-release-macos-arm64 | 0.1.0 | 212.00 | OK | |||
r-release-macos-x86_64 | 0.1.0 | 148.00 | OK | |||
r-release-windows-x86_64 | 0.1.0 | 47.00 | 307.00 | 354.00 | OK | |
r-oldrel-macos-arm64 | 0.1.0 | 178.00 | OK | |||
r-oldrel-macos-x86_64 | 0.1.0 | 144.00 | OK | |||
r-oldrel-windows-ix86+x86_64 | 0.1.0 | 113.00 | 359.00 | 472.00 | OK |
Version: 0.1.0
Check: C++ specification
Result: NOTE
Specified C++11: please drop specification unless essential
Flavors: r-devel-linux-x86_64-debian-clang, r-devel-linux-x86_64-debian-gcc, r-devel-linux-x86_64-fedora-clang, r-devel-linux-x86_64-fedora-gcc, r-devel-windows-x86_64