Last updated on 2023-03-23 07:54:26 CET.
Flavor | Version | Tinstall | Tcheck | Ttotal | Status | Flags |
---|---|---|---|---|---|---|
r-devel-linux-x86_64-debian-clang | 1.0.0 | 49.98 | 90.67 | 140.65 | NOTE | |
r-devel-linux-x86_64-debian-gcc | 1.0.0 | 43.29 | 68.90 | 112.19 | NOTE | |
r-devel-linux-x86_64-fedora-clang | 1.0.0 | 207.14 | WARN | |||
r-devel-linux-x86_64-fedora-gcc | 1.0.0 | 177.76 | NOTE | |||
r-devel-windows-x86_64 | 1.0.0 | 62.00 | 162.00 | 224.00 | NOTE | |
r-patched-linux-x86_64 | 1.0.0 | 41.94 | 86.31 | 128.25 | OK | |
r-release-linux-x86_64 | 1.0.0 | 39.06 | 85.85 | 124.91 | OK | |
r-release-macos-arm64 | 1.0.0 | 52.00 | OK | |||
r-release-macos-x86_64 | 1.0.0 | 64.00 | OK | |||
r-release-windows-x86_64 | 1.0.0 | 71.00 | 169.00 | 240.00 | OK | |
r-oldrel-macos-arm64 | 1.0.0 | 45.00 | OK | |||
r-oldrel-macos-x86_64 | 1.0.0 | 63.00 | OK | |||
r-oldrel-windows-ix86+x86_64 | 1.0.0 | 125.00 | 169.00 | 294.00 | OK |
Version: 1.0.0
Check: Rd files
Result: NOTE
checkRd: (-1) fk_regression.Rd:32: Escaped LaTeX specials: \&
Flavors: r-devel-linux-x86_64-debian-clang, r-devel-linux-x86_64-debian-gcc, r-devel-linux-x86_64-fedora-clang, r-devel-linux-x86_64-fedora-gcc, r-devel-windows-x86_64
Version: 1.0.0
Check: whether package can be installed
Result: WARN
Found the following significant warnings:
mdh.cpp:709:7: warning: variable 'miny' is uninitialized when used here [-Wuninitialized]
See ‘/data/gannet/ripley/R/packages/tests-clang/FKSUM.Rcheck/00install.out’ for details.
* used C++ compiler: ‘clang version 16.0.0’
Flavor: r-devel-linux-x86_64-fedora-clang