CRAN Package Check Results for Package FMP

Last updated on 2024-05-24 05:11:32 CEST.

Flavor Version Tinstall Tcheck Ttotal Status Flags
r-devel-linux-x86_64-debian-clang 1.4 3.37 28.21 31.58 NOTE
r-devel-linux-x86_64-debian-gcc 1.4 2.36 21.28 23.64 NOTE
r-devel-linux-x86_64-fedora-clang 1.4 39.42 NOTE
r-devel-linux-x86_64-fedora-gcc 1.4 37.01 NOTE
r-devel-windows-x86_64 1.4 3.00 42.00 45.00 NOTE
r-patched-linux-x86_64 1.4 2.99 27.49 30.48 NOTE
r-release-linux-x86_64 1.4 2.79 26.80 29.59 NOTE
r-release-macos-arm64 1.4 16.00 NOTE
r-release-windows-x86_64 1.4 3.00 41.00 44.00 NOTE
r-oldrel-macos-arm64 1.4 18.00 OK
r-oldrel-macos-x86_64 1.4 21.00 OK
r-oldrel-windows-x86_64 1.4 4.00 42.00 46.00 OK

Check Details

Version: 1.4
Check: Rd files
Result: NOTE checkRd: (-1) FMP.Rd:30: Lost braces; missing escapes or markup? 30 | \eqn{m(\theta) = b_0 + b_1 \theta + b_2 \theta^2 + b_3 \theta^3}. Acceptable values of k = {0,1,2,3}. According to | ^ Flavors: r-devel-linux-x86_64-debian-clang, r-devel-linux-x86_64-debian-gcc, r-devel-linux-x86_64-fedora-clang, r-devel-linux-x86_64-fedora-gcc, r-devel-windows-x86_64, r-patched-linux-x86_64, r-release-linux-x86_64, r-release-macos-arm64, r-release-windows-x86_64