CRAN Package Check Results for Package FOCI

Last updated on 2023-09-25 01:03:35 CEST.

Flavor Version Tinstall Tcheck Ttotal Status Flags
r-devel-linux-x86_64-debian-clang 0.1.3 3.08 67.60 70.68 NOTE
r-devel-linux-x86_64-debian-gcc 0.1.3 2.45 49.28 51.73 NOTE
r-devel-linux-x86_64-fedora-clang 0.1.3 85.56 NOTE
r-devel-linux-x86_64-fedora-gcc 0.1.3 84.86 NOTE
r-devel-windows-x86_64 0.1.3 5.00 69.00 74.00 NOTE
r-patched-linux-x86_64 0.1.3 3.14 62.76 65.90 NOTE
r-release-linux-x86_64 0.1.3 2.46 64.15 66.61 NOTE
r-release-macos-arm64 0.1.3 37.00 NOTE
r-release-macos-x86_64 0.1.3 61.00 NOTE
r-release-windows-x86_64 0.1.3 4.00 75.00 79.00 NOTE
r-oldrel-macos-arm64 0.1.3 32.00 NOTE
r-oldrel-macos-x86_64 0.1.3 41.00 NOTE
r-oldrel-windows-x86_64 0.1.3 5.00 76.00 81.00 NOTE

Check Details

Version: 0.1.3
Check: LazyData
Result: NOTE
     'LazyData' is specified without a 'data' directory
Flavors: r-devel-linux-x86_64-debian-clang, r-devel-linux-x86_64-debian-gcc, r-devel-linux-x86_64-fedora-clang, r-devel-linux-x86_64-fedora-gcc, r-devel-windows-x86_64, r-patched-linux-x86_64, r-release-linux-x86_64, r-release-macos-arm64, r-release-macos-x86_64, r-release-windows-x86_64, r-oldrel-macos-arm64, r-oldrel-macos-x86_64, r-oldrel-windows-x86_64

Version: 0.1.3
Check: Rd cross-references
Result: NOTE
    Undeclared package ‘XICOR’ in Rd xrefs
Flavor: r-devel-linux-x86_64-fedora-clang